{"id":865,"date":"2021-08-26T14:59:43","date_gmt":"2021-08-26T12:59:43","guid":{"rendered":"http:\/\/stadtkirche-geretsried.de\/stadtkirche\/?page_id=865"},"modified":"2021-12-17T21:59:45","modified_gmt":"2021-12-17T20:59:45","slug":"legio-mariae","status":"publish","type":"page","link":"https:\/\/stadtkirche-geretsried.de\/stadtkirche\/legio-mariae\/","title":{"rendered":"Legio Mari\u00e4"},"content":{"rendered":"\n<div class=\"wp-block-image\"><figure class=\"aligncenter size-full is-resized\"><img loading=\"lazy\" decoding=\"async\" src=\"https:\/\/stadtkirche-geretsried.de\/stadtkirche\/wp-content\/uploads\/2021\/12\/lm.jpg\" alt=\"\" class=\"wp-image-1528\" width=\"161\" height=\"247\" srcset=\"https:\/\/stadtkirche-geretsried.de\/stadtkirche\/wp-content\/uploads\/2021\/12\/lm.jpg 198w, https:\/\/stadtkirche-geretsried.de\/stadtkirche\/wp-content\/uploads\/2021\/12\/lm-195x300.jpg 195w\" sizes=\"auto, (max-width: 161px) 100vw, 161px\" \/><\/figure><\/div>\n\n\n\n<p>Die Legion Mariens ist eine internationale katholische Laienbewegung, die am 7. September 1921 von mehreren Katholiken unter der Leitung von Frank Duff in Dublin ( Irland ) gegr\u00fcndet wurde.<\/p>\n\n\n\n<p>Seit nun etwa 100 Jahren sind engagierte Katholiken der Einladung Jesu gefolgt und haben das Evangelium den Menschen verk\u00fcndet (vgl. Mk 16,15)<\/p>\n\n\n\n<p>So sind wir heute weltweit vertreten und haben in \u00fcber 170 L\u00e4ndern \u00fcber<\/p>\n\n\n\n<ul class=\"wp-block-list\"><li>3 Millionen aktive und \u00fcber<\/li><li>10 Millionen betende Mitglieder<\/li><\/ul>\n\n\n\n<p>Werden Sie auch ein Teil an der Sendung der Kirche und helfen Sie mit, die Frohe Botschaft in die Welt zu tragen.<\/p>\n\n\n\n<p>Wir verstehen uns als Katholiken, die ihre Berufung als Sauerteig in der Gesellschaft gemeinschaftlich und in Gruppenarbeit lokal wie \u00fcberregional durch regelm\u00e4\u00dfiges Gebet und w\u00f6chentliches Apostolat umsetzen.<\/p>\n\n\n\n<p>Durch unsere marianische gepr\u00e4gte Spiritualit\u00e4t wollen wir Menschen einen Weg zu und mit Jesus Christus aufzeigen, der einfach, aufrichtig und famili\u00e4r ist.<\/p>\n\n\n\n<p>Alle Menschen sollen im Glauben eins sein und erkennen, dass sie eine unsterbliche und unendliche geliebte Seele haben, die f\u00fcr das ewige Heil im Himmel bestimmt ist. <br>Quelle : \u00a0\u00a0\u00a0<a href=\"https:\/\/www.legion-mariens.de\/\" target=\"_blank\" rel=\"noreferrer noopener\">https:\/\/www.legion-mariens.de<\/a><\/p>\n\n\n\n<p>Wer die Legio Mariae kennenlernen m\u00f6chte, ist immer herzlich willkommen.<\/p>\n\n\n\n<p><strong>&nbsp;<em><u>Unser gemeinsames Treffen<\/u><\/em><\/strong><\/p>\n\n\n\n<p><strong><em>Wo : &nbsp;&nbsp;&nbsp;&nbsp;&nbsp;Pfarrei Hl. Familie im KAB-St\u00fcberl<\/em><\/strong><\/p>\n\n\n\n<p><strong><em>Wann: &nbsp;&nbsp;Donnerstags um 17.00 Uhr<\/em><\/strong><\/p>\n\n\n\n<p>Wir beten gemeinsam der Rosenkranz und lesen aus dem Handbuch der Legio Mariae.&nbsp; &nbsp;&nbsp;<\/p>\n\n\n\n<p>&nbsp;&nbsp;&nbsp;&nbsp;&nbsp;&nbsp;&nbsp;&nbsp;&nbsp;&nbsp;&nbsp;&nbsp;&nbsp;&nbsp;&nbsp;<\/p>\n\n\n\n<p>Ansprechpartner : <br>Gritzmann Anna    Tel. 08171 62425 &nbsp;&nbsp;&nbsp;&nbsp;&nbsp;&nbsp;&nbsp;&nbsp;&nbsp;&nbsp;&nbsp;&nbsp;&nbsp;&nbsp;&nbsp;&nbsp;&nbsp;&nbsp;<br>Christa Jedras        Tel: 08171 61806<\/p>\n","protected":false},"excerpt":{"rendered":"<p>Die Legion Mariens ist eine internationale katholische Laienbewegung, die am 7. September 1921 von mehreren Katholiken unter der Leitung von<\/p>\n","protected":false},"author":1,"featured_media":0,"parent":0,"menu_order":0,"comment_status":"closed","ping_status":"closed","template":"","meta":{"colormag_page_container_layout":"default_layout","colormag_page_sidebar_layout":"default_layout","footnotes":""},"class_list":["post-865","page","type-page","status-publish","hentry"],"_links":{"self":[{"href":"https:\/\/stadtkirche-geretsried.de\/stadtkirche\/wp-json\/wp\/v2\/pages\/865","targetHints":{"allow":["GET"]}}],"collection":[{"href":"https:\/\/stadtkirche-geretsried.de\/stadtkirche\/wp-json\/wp\/v2\/pages"}],"about":[{"href":"https:\/\/stadtkirche-geretsried.de\/stadtkirche\/wp-json\/wp\/v2\/types\/page"}],"author":[{"embeddable":true,"href":"https:\/\/stadtkirche-geretsried.de\/stadtkirche\/wp-json\/wp\/v2\/users\/1"}],"replies":[{"embeddable":true,"href":"https:\/\/stadtkirche-geretsried.de\/stadtkirche\/wp-json\/wp\/v2\/comments?post=865"}],"version-history":[{"count":6,"href":"https:\/\/stadtkirche-geretsried.de\/stadtkirche\/wp-json\/wp\/v2\/pages\/865\/revisions"}],"predecessor-version":[{"id":1533,"href":"https:\/\/stadtkirche-geretsried.de\/stadtkirche\/wp-json\/wp\/v2\/pages\/865\/revisions\/1533"}],"wp:attachment":[{"href":"https:\/\/stadtkirche-geretsried.de\/stadtkirche\/wp-json\/wp\/v2\/media?parent=865"}],"curies":[{"name":"wp","href":"https:\/\/api.w.org\/{rel}","templated":true}]}}