{"id":4245,"date":"2025-06-02T12:15:19","date_gmt":"2025-06-02T10:15:19","guid":{"rendered":"https:\/\/stadtkirche-geretsried.de\/stadtkirche\/?page_id=4245"},"modified":"2025-06-05T16:04:51","modified_gmt":"2025-06-05T14:04:51","slug":"30-jaehriges-dienstjubilaeum-als-mesner-und-hausmeister","status":"publish","type":"page","link":"https:\/\/stadtkirche-geretsried.de\/stadtkirche\/30-jaehriges-dienstjubilaeum-als-mesner-und-hausmeister\/","title":{"rendered":"30-j\u00e4hriges Dienstjubil\u00e4um als Mesner und Hausmeister"},"content":{"rendered":"\n<div class=\"wp-block-columns is-layout-flex wp-container-core-columns-is-layout-28f84493 wp-block-columns-is-layout-flex\">\n<div class=\"wp-block-column is-layout-flow wp-block-column-is-layout-flow\" style=\"flex-basis:50%\">\n<figure class=\"wp-block-image alignright size-medium is-resized\"><img loading=\"lazy\" decoding=\"async\" width=\"300\" height=\"230\" src=\"https:\/\/stadtkirche-geretsried.de\/stadtkirche\/wp-content\/uploads\/2025\/06\/2b-300x230.jpg\" alt=\"\" class=\"wp-image-4246\" style=\"aspect-ratio:1.42;object-fit:cover;width:366px;height:auto\" srcset=\"https:\/\/stadtkirche-geretsried.de\/stadtkirche\/wp-content\/uploads\/2025\/06\/2b-300x230.jpg 300w, https:\/\/stadtkirche-geretsried.de\/stadtkirche\/wp-content\/uploads\/2025\/06\/2b.jpg 500w\" sizes=\"auto, (max-width: 300px) 100vw, 300px\" \/><\/figure>\n<\/div>\n\n\n\n<div class=\"wp-block-column is-layout-flow wp-block-column-is-layout-flow\" style=\"flex-basis:20%\">\n<figure class=\"wp-block-image alignleft size-full\"><img loading=\"lazy\" decoding=\"async\" width=\"500\" height=\"667\" src=\"https:\/\/stadtkirche-geretsried.de\/stadtkirche\/wp-content\/uploads\/2025\/06\/1b.jpg\" alt=\"\" class=\"wp-image-4249\" style=\"object-fit:cover\" srcset=\"https:\/\/stadtkirche-geretsried.de\/stadtkirche\/wp-content\/uploads\/2025\/06\/1b.jpg 500w, https:\/\/stadtkirche-geretsried.de\/stadtkirche\/wp-content\/uploads\/2025\/06\/1b-225x300.jpg 225w, https:\/\/stadtkirche-geretsried.de\/stadtkirche\/wp-content\/uploads\/2025\/06\/1b-300x400.jpg 300w\" sizes=\"auto, (max-width: 500px) 100vw, 500px\" \/><\/figure>\n<\/div>\n<\/div>\n\n\n\n<p><br><strong>Liebe Pfarrgemeinde, es gibt heute ein besonderes Jubil\u00e4um f\u00fcr Siegmund Wodniok zu feiern\u2026<\/strong><br><br>lieber Siegmund,<br><strong>herzliche Gl\u00fcckw\u00fcnsche zum 30-j\u00e4hrigen Dienstjubil\u00e4um als Mesner und Hausmeister unserer Pfarrei Maria Hilf.<\/strong><br>30 Jahre Dienst, Einsatz und Ausdauer, ein Meilenstein der Loyalit\u00e4t, ein Grund zum Feiern und ein herzliches Dankesch\u00f6n f\u00fcr die bisherige lange Zusammenarbeit. Wir sagen Alle \u2013 und das mit gro\u00dfem Respekt \u2013 mach bitte weiter\u2026<br>\u201eDienstjubil\u00e4um\u201c \u2013 das klingt so ein bisschen aus der Zeit gefallen und so sind 30 Dienstjahre in der heutigen Zeit schon ein ganz besonderes Jubil\u00e4um. Und in der Tat entsprechen solch lange Zeitspannen an ein und derselben Arbeitsstelle f\u00fcr einen Gro\u00dfteil der Berufst\u00e4tigen heute kaum mehr der Realit\u00e4t. Umso wichtiger ist es aber heute, die Treue von Mitarbeitern zu sch\u00e4tzen und zu ehren. Als Mesner bist Du, um nur einiges aufzuz\u00e4hlen, verantwortlich f\u00fcr die Vorbereitung des Kirchenraumes und der Sakristei f\u00fcr den Gottesdienst.<br>Dass die Glocken die Gl\u00e4ubigen an den anstehenden Kirchgang erinnern geh\u00f6rt ebenso dazu, wie die Bewerkstelligung sonstiger liturgischer Abl\u00e4ufe. Mit dem Mesnerdienst geh\u00f6rt auch die weitergefasste Betreuung unserer Kirche mit zu Deinen Aufgaben als Hausmeister, wie die Instandhaltung und<br>Reinigung der Kirche und aller Geb\u00e4ude der Pfarrstiftung Maria Hilf. Deine technischen und handwerklichen F\u00e4higkeiten, Dein Engagement, Deine Leidenschaft und Deine positive Einstellung machen Dich zu einer<br>echten Bereicherung f\u00fcr unsere Pfarrei. In einer Welt, in der man es oft niemandem recht machen kann, ist das sch\u00f6nste Gef\u00fchl, lieber Siegmund,&nbsp;<strong>\u201ewertgesch\u00e4tzt\u201c&nbsp;<\/strong>zu werden \u2013 und das wirst Du\u2026<br><br>Nochmals \u201eVergelt`s Gott\u201c f\u00fcr Dein gro\u00dfes Engagement als Mesner und Hausmeister der Pfarrei Maria Hilf.<br>Zum Schluss noch ein Zitat von Henry Ford dem gro\u00dfen Autobauer\u2026<\/p>\n\n\n\n<p>&#8222;<strong>Zusammenkommen ist ein Beginn, Zusammenbleiben ist ein Fortschritt, Zusammenarbeiten ist ein Erfolg.\u201c<\/strong><\/p>\n\n\n\n<p>Sepp Urso, Kirchenpfleger auch im Namen von unserer Verwaltungsleiterin<br>Hedi Sesto \u2013 die heute leider verhindert ist, pers\u00f6nlich anwesend zu sein\u2026<\/p>\n","protected":false},"excerpt":{"rendered":"<p>Liebe Pfarrgemeinde, es gibt heute ein besonderes Jubil\u00e4um f\u00fcr Siegmund Wodniok zu feiern\u2026 lieber Siegmund,herzliche Gl\u00fcckw\u00fcnsche zum 30-j\u00e4hrigen Dienstjubil\u00e4um als<\/p>\n","protected":false},"author":2,"featured_media":0,"parent":0,"menu_order":0,"comment_status":"closed","ping_status":"closed","template":"","meta":{"colormag_page_container_layout":"default_layout","colormag_page_sidebar_layout":"default_layout","footnotes":""},"class_list":["post-4245","page","type-page","status-publish","hentry"],"_links":{"self":[{"href":"https:\/\/stadtkirche-geretsried.de\/stadtkirche\/wp-json\/wp\/v2\/pages\/4245","targetHints":{"allow":["GET"]}}],"collection":[{"href":"https:\/\/stadtkirche-geretsried.de\/stadtkirche\/wp-json\/wp\/v2\/pages"}],"about":[{"href":"https:\/\/stadtkirche-geretsried.de\/stadtkirche\/wp-json\/wp\/v2\/types\/page"}],"author":[{"embeddable":true,"href":"https:\/\/stadtkirche-geretsried.de\/stadtkirche\/wp-json\/wp\/v2\/users\/2"}],"replies":[{"embeddable":true,"href":"https:\/\/stadtkirche-geretsried.de\/stadtkirche\/wp-json\/wp\/v2\/comments?post=4245"}],"version-history":[{"count":17,"href":"https:\/\/stadtkirche-geretsried.de\/stadtkirche\/wp-json\/wp\/v2\/pages\/4245\/revisions"}],"predecessor-version":[{"id":4276,"href":"https:\/\/stadtkirche-geretsried.de\/stadtkirche\/wp-json\/wp\/v2\/pages\/4245\/revisions\/4276"}],"wp:attachment":[{"href":"https:\/\/stadtkirche-geretsried.de\/stadtkirche\/wp-json\/wp\/v2\/media?parent=4245"}],"curies":[{"name":"wp","href":"https:\/\/api.w.org\/{rel}","templated":true}]}}

30-jähriges Dienstjubiläum als Mesner und Hausmeister

<div class="wp-block-columns is-layout-flex wp-container-core-columns-is-layout-28f84493 wp-block-columns-is-layout-flex">
<div class="wp-block-column is-layout-flow wp-block-column-is-layout-flow" style="flex-basis:50%">
<figure class="wp-block-image alignright size-medium is-resized"><img loading="lazy" decoding="async" width="300" height="230" src="https://stadtkirche-geretsried.de/stadtkirche/wp-content/uploads/2025/06/2b-300x230.jpg" alt="" class="wp-image-4246" style="aspect-ratio:1.42;object-fit:cover;width:366px;height:auto" srcset="https://stadtkirche-geretsried.de/stadtkirche/wp-content/uploads/2025/06/2b-300x230.jpg 300w, https://stadtkirche-geretsried.de/stadtkirche/wp-content/uploads/2025/06/2b.jpg 500w" sizes="auto, (max-width: 300px) 100vw, 300px" /></figure>
</div>



<div class="wp-block-column is-layout-flow wp-block-column-is-layout-flow" style="flex-basis:20%">
<figure class="wp-block-image alignleft size-full"><img loading="lazy" decoding="async" width="500" height="667" src="https://stadtkirche-geretsried.de/stadtkirche/wp-content/uploads/2025/06/1b.jpg" alt="" class="wp-image-4249" style="object-fit:cover" srcset="https://stadtkirche-geretsried.de/stadtkirche/wp-content/uploads/2025/06/1b.jpg 500w, https://stadtkirche-geretsried.de/stadtkirche/wp-content/uploads/2025/06/1b-225x300.jpg 225w, https://stadtkirche-geretsried.de/stadtkirche/wp-content/uploads/2025/06/1b-300x400.jpg 300w" sizes="auto, (max-width: 500px) 100vw, 500px" /></figure>
</div>
</div>



<p><br><strong>Liebe Pfarrgemeinde, es gibt heute ein besonderes Jubiläum für Siegmund Wodniok zu feiern…</strong><br><br>lieber Siegmund,<br><strong>herzliche Glückwünsche zum 30-jährigen Dienstjubiläum als Mesner und Hausmeister unserer Pfarrei Maria Hilf.</strong><br>30 Jahre Dienst, Einsatz und Ausdauer, ein Meilenstein der Loyalität, ein Grund zum Feiern und ein herzliches Dankeschön für die bisherige lange Zusammenarbeit. Wir sagen Alle – und das mit großem Respekt – mach bitte weiter…<br>„Dienstjubiläum“ – das klingt so ein bisschen aus der Zeit gefallen und so sind 30 Dienstjahre in der heutigen Zeit schon ein ganz besonderes Jubiläum. Und in der Tat entsprechen solch lange Zeitspannen an ein und derselben Arbeitsstelle für einen Großteil der Berufstätigen heute kaum mehr der Realität. Umso wichtiger ist es aber heute, die Treue von Mitarbeitern zu schätzen und zu ehren. Als Mesner bist Du, um nur einiges aufzuzählen, verantwortlich für die Vorbereitung des Kirchenraumes und der Sakristei für den Gottesdienst.<br>Dass die Glocken die Gläubigen an den anstehenden Kirchgang erinnern gehört ebenso dazu, wie die Bewerkstelligung sonstiger liturgischer Abläufe. Mit dem Mesnerdienst gehört auch die weitergefasste Betreuung unserer Kirche mit zu Deinen Aufgaben als Hausmeister, wie die Instandhaltung und<br>Reinigung der Kirche und aller Gebäude der Pfarrstiftung Maria Hilf. Deine technischen und handwerklichen Fähigkeiten, Dein Engagement, Deine Leidenschaft und Deine positive Einstellung machen Dich zu einer<br>echten Bereicherung für unsere Pfarrei. In einer Welt, in der man es oft niemandem recht machen kann, ist das schönste Gefühl, lieber Siegmund,&nbsp;<strong>„wertgeschätzt“&nbsp;</strong>zu werden – und das wirst Du…<br><br>Nochmals „Vergelt`s Gott“ für Dein großes Engagement als Mesner und Hausmeister der Pfarrei Maria Hilf.<br>Zum Schluss noch ein Zitat von Henry Ford dem großen Autobauer…</p>



<p>&#8222;<strong>Zusammenkommen ist ein Beginn, Zusammenbleiben ist ein Fortschritt, Zusammenarbeiten ist ein Erfolg.“</strong></p>



<p>Sepp Urso, Kirchenpfleger auch im Namen von unserer Verwaltungsleiterin<br>Hedi Sesto – die heute leider verhindert ist, persönlich anwesend zu sein…</p>

<p>Liebe Pfarrgemeinde, es gibt heute ein besonderes Jubiläum für Siegmund Wodniok zu feiern… lieber Siegmund,herzliche Glückwünsche zum 30-jährigen Dienstjubiläum als</p>
