{"id":366,"date":"2018-07-11T18:19:36","date_gmt":"2018-07-11T16:19:36","guid":{"rendered":"http:\/\/stadtkirche-geretsried.de\/stadtkirche\/?page_id=366"},"modified":"2019-02-04T20:42:06","modified_gmt":"2019-02-04T19:42:06","slug":"sakramente","status":"publish","type":"page","link":"https:\/\/stadtkirche-geretsried.de\/stadtkirche\/sakramente\/","title":{"rendered":"Sakramente"},"content":{"rendered":"<hr \/>\n<div id=\"BodyContentPlaceHolder_MainContent_ctl02_ControlContainer\" class=\"clearfix r2_text_flowtext cmsObj pic-align-left\">\n<div id=\"BodyContentPlaceHolder_MainContent_ctl02_ContentContainer\" class=\"flow-content\">\n<p>Die Sakramente (lat., das Geweihte) sind Zeichen, die eine innere Gnade bewirken. Sie sind von Gott eingesetzt und werden von der Kirche gespendet.<\/p>\n<p>Nach der katholischen Glaubenslehre gibt es 7 Sakramente:<\/p>\n<p><strong>Taufe<\/strong><br \/>\nDie Taufe ist das grundlegende Sakrament, durch das der Mensch in die Kirche Christi aufgenommen wird.<\/p>\n<p><strong>Firmung<\/strong><br \/>\nDie Firmung (lat. St\u00e4rkung) ist das zweite der sieben Sakramente und die Vollendung der mit der Taufe grundgelegten Eingliederung des katholischen Christen in seine Kirche.<\/p>\n<p><strong>Eucharistie\/Erstkommunion<\/strong><br \/>\nDie Eucharistie (griech., Danksagung) ist das von Christus gestiftete Mahl, das die Kirche zum Ged\u00e4chtnis an den Herrn t\u00e4glich vieltausendmal auf der ganzen Welt feiert. Die Erstkommunion ist der erstmalige Empfang der Hl. Eucharistie. Sie wird im Alter von etwa 9 Jahren (3. Klasse der Grundschule) in Gemeinschaft Gleichaltriger in besonders feierlicher Weise gespendet.<\/p>\n<p><strong>Bu\u00dfe<\/strong><br \/>\nDas Sakrament der Bu\u00dfe m\u00f6chte den Menschen in schwierigen Situationen helfen. Und zwar indem es einl\u00e4dt das Gewissen und die Urteilsf\u00e4higkeit zu sensibilisieren, sowie Worte der Lossprechung, der Verzeihung und der Vers\u00f6hnung zu h\u00f6ren<\/p>\n<p><strong>Krankensalbung<\/strong><br \/>\nDie Krankensalbung ist ein Sakrament das nicht erst in \u00e4u\u00dferster Todesgefahr, sondern bei jeder ernsthaften Erkrankung gespendet werden. Der Ritus vollzieht sich im Rahmen eines Wortgottesdienstes durch die Salbung von Stirn und H\u00e4nden mit dem Kranken\u00f6l.<\/p>\n<p><strong>Weihe<\/strong><br \/>\nDie Priesterweihe ist ein Sakramente das vom Bischof durch Handauflegung und Salbung der H\u00e4nde gespendet.<\/p>\n<p><strong>Ehe<\/strong><br \/>\nDie Ehe ist nach dem Verst\u00e4ndnis der katholischen Kirche die lebenslange treue Gemeinschaft von Mann und Frau. Sie ist ein Sakrament, das sich beide in der kirchlichen Trauung vor dem Priester und vor Zeugen spenden.<\/p>\n<p>Als\u00a0<strong>Sakramentalien\u00a0<\/strong>(sakrament\u00e4hnliche Weihehandlungen) bezeichnet man die von der Kirche eingesetzten heiligen Zeichen, die dazu bestimmt sind, die Menschen auf den Empfang der Frucht der Sakramente vorzubereiten und die verschiedenen Lebensumst\u00e4nde zu heiligen.<\/p>\n<p>&nbsp;<\/p>\n<hr \/>\n<p>&nbsp;<\/p>\n<\/div>\n<\/div>\n","protected":false},"excerpt":{"rendered":"<p>Die Sakramente (lat., das Geweihte) sind Zeichen, die eine innere Gnade bewirken. Sie sind von Gott eingesetzt und werden von<\/p>\n","protected":false},"author":1,"featured_media":0,"parent":0,"menu_order":0,"comment_status":"closed","ping_status":"closed","template":"","meta":{"colormag_page_container_layout":"default_layout","colormag_page_sidebar_layout":"default_layout","footnotes":""},"class_list":["post-366","page","type-page","status-publish","hentry"],"_links":{"self":[{"href":"https:\/\/stadtkirche-geretsried.de\/stadtkirche\/wp-json\/wp\/v2\/pages\/366","targetHints":{"allow":["GET"]}}],"collection":[{"href":"https:\/\/stadtkirche-geretsried.de\/stadtkirche\/wp-json\/wp\/v2\/pages"}],"about":[{"href":"https:\/\/stadtkirche-geretsried.de\/stadtkirche\/wp-json\/wp\/v2\/types\/page"}],"author":[{"embeddable":true,"href":"https:\/\/stadtkirche-geretsried.de\/stadtkirche\/wp-json\/wp\/v2\/users\/1"}],"replies":[{"embeddable":true,"href":"https:\/\/stadtkirche-geretsried.de\/stadtkirche\/wp-json\/wp\/v2\/comments?post=366"}],"version-history":[{"count":4,"href":"https:\/\/stadtkirche-geretsried.de\/stadtkirche\/wp-json\/wp\/v2\/pages\/366\/revisions"}],"predecessor-version":[{"id":507,"href":"https:\/\/stadtkirche-geretsried.de\/stadtkirche\/wp-json\/wp\/v2\/pages\/366\/revisions\/507"}],"wp:attachment":[{"href":"https:\/\/stadtkirche-geretsried.de\/stadtkirche\/wp-json\/wp\/v2\/media?parent=366"}],"curies":[{"name":"wp","href":"https:\/\/api.w.org\/{rel}","templated":true}]}}