{"id":327,"date":"2018-07-04T23:16:20","date_gmt":"2018-07-04T21:16:20","guid":{"rendered":"http:\/\/stadtkirche-geretsried.de\/stadtkirche\/?page_id=327"},"modified":"2023-06-06T08:57:24","modified_gmt":"2023-06-06T06:57:24","slug":"datenschutz","status":"publish","type":"page","link":"https:\/\/stadtkirche-geretsried.de\/stadtkirche\/datenschutz\/","title":{"rendered":"Hinweise zu der Verarbeitung Ihrer Daten auf unserer Website"},"content":{"rendered":"\n<p>Wir freuen wir uns \u00fcber Ihren Besuch auf unserer Webseite und \u00fcber Ihr Interesse an unseren Einrichtungen und Dienstleistungen. Der Schutz Ihrer pers\u00f6nlichen Daten ist uns ein ernstes Anliegen. Mit diesen Hinweisen m\u00f6chten wir Sie \u00fcber die Art, den Umfang und Zweck der Erhebung und Verwendung personenbezogener Daten informieren. F\u00fcr kirchliche Stellen gilt das Gesetz \u00fcber den Kirchlichen Datenschutz (<a href=\"https:\/\/www.erzbistum-muenchen.de\/cms-media\/media-41655420.pdf\">KDG<\/a>). Personen-bezogene Daten werden auf dieser Webseite nur erhoben, wenn dies aus technischen oder inhaltlichen Gr\u00fcnden erforderlich ist. Eine Weitergabe an Dritte erfolgt nicht. Ein Profiling im Sinne von \u00a7 4 Satz 5 KDG findet nicht statt. Ma\u00dfgeblich ist das Gesetz \u00fcber den Kirchlichen Datenschutz<\/p>\n\n\n\n<p>(\u2197&nbsp;<a href=\"https:\/\/www.erzbistum-muenchen.de\/cms-media\/media-41655420.pdf\">KDG<\/a>).Diese Hinweise zum Datenschutz gelten f\u00fcr unser Webangebote unter<\/p>\n\n\n\n<p>&nbsp;&nbsp;https:\/\/stadtkirche-geretsried.de\/  bzw. &nbsp;&nbsp;https:\/\/www.stadtkirche-geretsried.de\/ &nbsp;sowie<br>\u2197&nbsp;<a href=\"https:\/\/www.facebook.com\/full_data_use_policy\">Facebook<\/a><br>&nbsp;&nbsp;https:\/\/www.facebook.com\/Stadtkirche.Geretsried\/<br>\u2197&nbsp;<a href=\"https:\/\/help.instagram.com\/519522125107875\/?locale=de_DE&amp;?helpref=hc_fnav\">Instagram<\/a><br>&nbsp;&nbsp;https:\/\/www.instagram.com\/stadtkirche_geretsried\/<br>\u2197&nbsp;<a href=\"https:\/\/policies.google.com\/privacy?hl=de\">YouTube<\/a><br>&nbsp;&nbsp;https:\/\/www.youtube.com\/channel\/UCbBASN1WPlv2RwkU4NmyQhA\/<\/p>\n\n\n\n<p>Wir betreiben keine weiteren Informations- oder sonstige Plattformen im WWW. Grunds\u00e4tzlich ist unser Angebot im WWW nach dem Stand der Technik nur verschl\u00fcsselt abrufbar.<\/p>\n\n\n\n<p><strong>1.&nbsp;Hinweis im Sinne des Gleichbehandlungsgesetzes<\/strong><\/p>\n\n\n\n<p>Aus Gr\u00fcnden der leichteren Lesbarkeit wird auf eine geschlechterspezifische Differenzierung verzichtet. Entsprechende Begriffe gelten wie in allen kirchlichen Anordnungen im Sinne der Gleichbehandlung f\u00fcr beide Geschlechter.<\/p>\n\n\n\n<p><strong>2. Verantwortlicher<\/strong><\/p>\n\n\n\n<p>Katholische Stadtkirche Geretsried<br>Pfarrer Andreas Vogelmeier<br>Johannisplatz 21<br>82538 Geretsried<br>Telefon 08171\/98280<br>Telefax 08171\/982828<br>E-Mail\u00a0<a href=\"mailto:hl-familie.gartenberg@ebmuc.de\">hl-familie.gartenberg@ebmuc.de<\/a><\/p>\n\n\n\n<p><strong>3.&nbsp;Datenschutzbeauftragte<\/strong><\/p>\n\n\n\n<p>Pfarrb\u00fcro Heilig Kreuz Icking<br>Frau Ursula Pfeiffer<br>Kirchenleite 23<br>82057 Icking<br>Telefon 08178\/5328<br>E-Mail&nbsp;<a href=\"mailto:UPfeiffer@ebmuc.de\">UPfeiffer@ebmuc.de<\/a><\/p>\n\n\n\n<p><strong>4.&nbsp;Protokollierung<\/strong><\/p>\n\n\n\n<p>Wenn ein Client wie ein Web-Browser (Firefox, Chrome o.\u00e4.) eine Webseite \u00f6ffnet, werden zwischen Client und Webserver Daten, die f\u00fcr die Auslieferung der Webseite erforderlich sind, ausgetauscht. Es handelt sich dabei um Daten, die das&nbsp;Hypertext Transfer Protocol&nbsp;vorschreibt. Zu diesen Daten geh\u00f6ren die folgenden:<\/p>\n\n\n\n<ul class=\"wp-block-list\">\n<li>IP-Adresse des anfragenden Rechners<\/li>\n\n\n\n<li>Datum und Uhrzeit des Zugriffs<\/li>\n\n\n\n<li>Name und URL der Ressource sowie die \u00fcbertragene Datenmenge<\/li>\n\n\n\n<li>Erkennungsdaten des verwendeten Browsers, Betriebssystems, der Bildschirmaufl\u00f6sung, Fenstergr\u00f6\u00dfe etc. (sofern vom Client \u00fcbermittelt)<\/li>\n\n\n\n<li>Webseite, von der aus der Zugriff erfolgte (sofern vom Client \u00fcbermittelt)<\/li>\n\n\n\n<li>Status-Code (angeforderte Datei \u00fcbertragen, nicht gefunden etc.)<\/li>\n<\/ul>\n\n\n\n<p>Der Austausch dieser Protokolldaten sind f\u00fcr Betrieb und Nutzung der Website erforderlich. Ihre Speicherung erfolgt zur Sicherstellung eines reibungslosen Betriebs und zur Erf\u00fcllung unserer Pflicht zur IT-Sicherheit nach \u00a7 13 Abs 7 TMG. Die Protokolldaten werden anonymisiert gespeichert. Sie k\u00f6nnen zu statistischen Zwecken verwendet werden. Ein Abgleich mit anderen Datenbest\u00e4nden oder eine Weitergabe an Dritte findet nicht statt. Die Daten werden sp\u00e4testens nach sechs Wochen automatisch gel\u00f6scht. Der Web-Server der Stadtkirche Geretsried wird durch die STRATO AG betrieben. Ein Vertrag zur Datenverarbeitung im Auftrag liegt vor.<\/p>\n\n\n\n<p><strong>5. Mitteilungen per eMail, Brief oder Telefon<\/strong><\/p>\n\n\n\n<p>Wenn Sie uns personenbezogene Daten in E-Mails, per Brief oder telefonisch mitteilen, werden diese zur Bearbeitung Ihres Anliegens verwendet und anschlie\u00dfend innerhalb von sieben Tagen gel\u00f6scht, sofern gesetzliche Vorgaben nicht eine l\u00e4ngere Speicherung erfordern. Bitte beachten Sie, dass Mitteilungen per elektronischer Post (E-Mail) ohne Verschl\u00fcsselung unsicher ist und von Dritten mitgelesen werden kann. F\u00fcr wichtige Mitteilungen mit schutzw\u00fcrdigen Inhalten senden Sie uns besser einen Brief.<\/p>\n\n\n\n<p><strong>6.&nbsp;Social Media<\/strong><\/p>\n\n\n\n<p>Wir sind auf Facebook, Instagram, Youtube und Twitter pr\u00e4sent. Diese Social-Media-Kan\u00e4le sind Teil unserer \u00d6ffentlichkeitsarbeit. Es ist unser Bestreben , zielgruppengerecht zu informieren. Die Verwendung unserer Social-Media-Kan\u00e4le ist freiwillig. Sie finden dort nichts, was Sie nicht auch unter&nbsp;<a href=\"https:\/\/www.stadtkirche-geretsried.de\/\">https:\/\/www.stadtkirche-geretsried.de\/<\/a>&nbsp;finden k\u00f6nnen. Wenn Sie unsere Social-Media-Kan\u00e4le nutzen wollen, \u00fcbertragen Sie personen-bezogene an den Anbieter dieses Dienstes, die auch in die USA \u00fcbermittelt werden k\u00f6nnen. Zu diesen Daten k\u00f6nnen unter anderem Ihre IP-Adressen, Ihre Standortdaten, Ihre zuvor besuchten Webseiten z\u00e4hlen. Mit diesen Daten kann der Anbieter Profile \u00fcber Ihr Verhalten, Ihre Interessen und Anschauungen erstellen und f\u00fcr verschiedene eigene Zwecke nutzen. In den USA gilt kein im Sinne des \u2197&nbsp;<a href=\"https:\/\/www.erzbistum-muenchen.de\/cms-media\/media-41655420.pdf\">KDG<\/a>&nbsp;und der \u2197&nbsp;<a href=\"https:\/\/eur-lex.europa.eu\/legal-content\/DE\/TXT\/?uri=CELEX%3A32016R0679\">EU-DSGVO<\/a>&nbsp;vergleichbares Datenschutzniveau. Informieren Sie sich daher vor der Nutzung \u00fcber Ihre Rechte und M\u00f6glichkeiten zum Schutz Ihrer Privatsph\u00e4re. Die Bestimmungen zum Datenschutz der Anbieter finden Sie unter folgenden Adressen:<\/p>\n\n\n\n<p>\u2197&nbsp;<a href=\"https:\/\/www.facebook.com\/full_data_use_policy\">Facebook<\/a><br>&nbsp;&nbsp;&nbsp;<a href=\"https:\/\/www.facebook.com\/privacy\/explanation\">&nbsp;&nbsp;&nbsp;https:\/\/www.facebook.com\/full_data_use_policy<\/a><br>\u2197&nbsp;<a href=\"https:\/\/help.instagram.com\/519522125107875\/?locale=de_DE&amp;?helpref=hc_fnav\">Instagram<\/a><br>&nbsp;&nbsp;&nbsp;&nbsp;&nbsp;&nbsp;<a href=\"https:\/\/help.instagram.com\/519522125107875\/?locale=de_DE&amp;?helpref=hc_fnav\">https:\/\/help.instagram.com\/519522125107875\/?locale=de_DE&amp;?helpref=hc_fnav<\/a><br>\u2197&nbsp;<a href=\"https:\/\/policies.google.com\/privacy?hl=de\">YouTube<\/a><br>&nbsp;&nbsp;&nbsp;&nbsp;&nbsp;&nbsp;<a href=\"https:\/\/policies.google.com\/privacy?hl=de\">https:\/\/policies.google.com\/privacy?hl=de<\/a><\/p>\n\n\n\n<p>Unser Webangebot nutzt die bekannten Bildmarken der jeweiligen&nbsp;<a href=\"file:\/\/\/C:\/Users\/local_67PAWodniokS\/INetCache\/Content.Outlook\/NR4CNS1T\/Geretsried.html#social-media\">Social Media<\/a>-Anbieter, um Ihnen eine einfache Auffindbarkeit unserer Angebote bei diesen Anbietern zu erm\u00f6glichen. Es erfolgt keine unmittelbare Weitergabe von personen-bezogenen Daten. Zur Vermeidung von automatischer Daten\u00fcbertragung speichern wir diese Bildmarken lokal und verkn\u00fcpfen sie nur mit dem Anbieter. Erst, wenn Sie eine dieser Bildmarken ausw\u00e4hlen und anklicken, werden Sie weitergeleitet und Daten werden an den Anbieter \u00fcbertragen.<\/p>\n\n\n\n<p><strong>7.&nbsp;Cookies<\/strong><\/p>\n\n\n\n<p>Im Informationsangebot der Stadtkirche Geretsried k\u00f6nnen technisch erforderliche Cookies verwendet werden.<\/p>\n\n\n\n<p><strong>8.&nbsp;Ihre Rechte als von einer Verarbeitung betroffenen Person<\/strong><\/p>\n\n\n\n<p>Wenn wir von Ihnen personen-bezogene Daten verarbeiten, haben Sie nach dem Gesetz \u00fcber den Kirchlichen Datenschutz (KDG) die nachstehenden Rechte. Wollen Sie diese Rechte in Anspruch nehmen, wenden Sie sich bitte an unseren Datenschutzbeauftragten.<\/p>\n\n\n\n<p><strong>Recht auf Auskunft<\/strong><br>Sie haben das Recht, unentgeltlich Auskunft \u00fcber Ihre gespeicherten personen-bezogenen Daten zu erhalten.<\/p>\n\n\n\n<p><strong>Recht auf Berichtigung, Erg\u00e4nzung, Vervollst\u00e4ndigung und L\u00f6schung<\/strong><br>Sie haben das Recht, die Berichtigung, Erg\u00e4nzung, Vervollst\u00e4ndigung oder die L\u00f6schung Ihrer personen-bezogenen Daten, die unrichtig oder unvollst\u00e4ndig sind oder nicht rechtskonform verarbeitet werden, zu verlangen.<\/p>\n\n\n\n<p><strong>Recht auf Einschr\u00e4nkung der Verarbeitung<\/strong><br>Sie haben das Recht, die Einschr\u00e4nkung der Verarbeitung zu verlangen, wenn eine Voraussetzung des \u00a7 20 Abs 1 KDG gegeben ist.<\/p>\n\n\n\n<p><strong>Recht auf Daten\u00fcbertragbarkeit<\/strong><br>Sie haben das Recht auf Daten\u00fcbertragbarkeit der Sie betreffenden personen-bezogenen Daten (\u00a7 22 KDG).<\/p>\n\n\n\n<p><strong>Recht auf Widerspruch und Widerruf der Einwilligung<\/strong><br>Sie haben das Recht, der Verarbeitung Ihrer personen-bezogenen Daten zu widersprechen, wenn die Voraussetzungen des \u00a7 23 KDG gegeben sind oder Sie Ihre f\u00fcr die Verarbeitung zuvor gegebene Einwilligung widerrufen.<\/p>\n\n\n\n<p><strong>Beschwerderecht<\/strong><br>Der sichere und den datenschutzrechtlichen Anforderungen angemessene Umgang mit Ihren pers\u00f6nlichen Informationen besitzt f\u00fcr uns eine sehr hohe Priorit\u00e4t. Sollten Sie dennoch der Auffassung sein, dass bei der Verarbeitung Ihrer personen-bezogenen Daten gegen gesetzliche, datenschutzrechtliche Vorschriften versto\u00dfen wird, k\u00f6nnen Sie sich an eine Aufsichtsbeh\u00f6rde wenden.<\/p>\n\n\n\n<p>Die Aufsichtsbeh\u00f6rde, bei der die Beschwerde eingereicht wurde, unterrichtet den Beschwerdef\u00fchrer \u00fcber den Stand und die Ergebnisse der Beschwerde einschlie\u00dflich der M\u00f6glichkeit eines gerichtlichen Rechtsbehelfs nach \u00a7 49 KDG. Die f\u00fcr uns zust\u00e4ndige Aufsichtsbeh\u00f6rde ist die Gemeinsame Datenschutzaufsicht der bayerischen (Erz-) Di\u00f6zesen<br>Di\u00f6zesandatenschutzbeauftragter<br>Schrammerstra\u00dfe 3<br>80333 M\u00fcnchen<br>089 2137 1796<br><a href=\"mailto:JJoachimski@ordinariat-muenchen.de\">JJoachimski@ordinariat-muenchen.de<\/a><\/p>\n\n\n\n<p><strong>9.&nbsp;G\u00fcltigkeit und Aktualit\u00e4t<\/strong><\/p>\n\n\n\n<p>Diese Datenschutzhinweise haben wir zuletzt am 13. April 2022 \u00fcberarbeitet. Sie ist unmittelbar g\u00fcltig und ersetzt alle fr\u00fcheren Datenschutzhinweise. Durch die Weiterentwicklung unseres Webangebots kann es notwendig werden, diese Hinweise anzupassen.<\/p>\n","protected":false},"excerpt":{"rendered":"<p>Wir freuen wir uns \u00fcber Ihren Besuch auf unserer Webseite und \u00fcber Ihr Interesse an unseren Einrichtungen und Dienstleistungen. Der<\/p>\n","protected":false},"author":1,"featured_media":0,"parent":0,"menu_order":0,"comment_status":"closed","ping_status":"closed","template":"","meta":{"colormag_page_container_layout":"default_layout","colormag_page_sidebar_layout":"default_layout","footnotes":""},"class_list":["post-327","page","type-page","status-publish","hentry"],"_links":{"self":[{"href":"https:\/\/stadtkirche-geretsried.de\/stadtkirche\/wp-json\/wp\/v2\/pages\/327","targetHints":{"allow":["GET"]}}],"collection":[{"href":"https:\/\/stadtkirche-geretsried.de\/stadtkirche\/wp-json\/wp\/v2\/pages"}],"about":[{"href":"https:\/\/stadtkirche-geretsried.de\/stadtkirche\/wp-json\/wp\/v2\/types\/page"}],"author":[{"embeddable":true,"href":"https:\/\/stadtkirche-geretsried.de\/stadtkirche\/wp-json\/wp\/v2\/users\/1"}],"replies":[{"embeddable":true,"href":"https:\/\/stadtkirche-geretsried.de\/stadtkirche\/wp-json\/wp\/v2\/comments?post=327"}],"version-history":[{"count":19,"href":"https:\/\/stadtkirche-geretsried.de\/stadtkirche\/wp-json\/wp\/v2\/pages\/327\/revisions"}],"predecessor-version":[{"id":2614,"href":"https:\/\/stadtkirche-geretsried.de\/stadtkirche\/wp-json\/wp\/v2\/pages\/327\/revisions\/2614"}],"wp:attachment":[{"href":"https:\/\/stadtkirche-geretsried.de\/stadtkirche\/wp-json\/wp\/v2\/media?parent=327"}],"curies":[{"name":"wp","href":"https:\/\/api.w.org\/{rel}","templated":true}]}}