{"id":147,"date":"2018-06-28T17:18:54","date_gmt":"2018-06-28T15:18:54","guid":{"rendered":"http:\/\/stadtkirche-geretsried.de\/stadtkirche\/?page_id=147"},"modified":"2021-12-01T08:00:46","modified_gmt":"2021-12-01T07:00:46","slug":"kirchenmusik","status":"publish","type":"page","link":"https:\/\/stadtkirche-geretsried.de\/stadtkirche\/kirchenmusik\/","title":{"rendered":"Kirchenmusik"},"content":{"rendered":"<hr \/>\n<h4><span style=\"color: #333399;\">Kirchenmusik-Angebote in der Kirche Hl. Familie:<\/span><\/h4>\n<p><strong>Fr\u00fcherziehung in der Kindertagesst\u00e4tte:\u00a0<\/strong>W\u00f6chentlich kommen alle Kinder des Kindergartens der Hl. Familie in die Kirche. Wir singen gemeinsam mit den Erzieherinnen und Erzieher jahres- und projektbezogene Lieder; anschlie\u00dfend arbeite ich mit allen Vorschulkindern gruppenweise an den Orffinstrumenten.<\/p>\n<p>Kinder, die noch nicht, oder noch nicht sicher lesen k\u00f6nnen, sind herzlich zu den <strong>Chorspatzen<\/strong> eingeladen.<\/p>\n<p>In der n\u00e4chsten Stufe landen die kleinen S\u00e4ngerinnen dann im <strong>Vorchor<\/strong>.<\/p>\n<p>Wenn dann die \u201cgro\u00dfen\u201d Chormitglieder dazu sto\u00dfen, sind die \u201cKleinen\u201d schon bestens mit den St\u00fccken vertraut. Mit diesem <strong>Kinderchor <\/strong>gestalten wir regelm\u00e4\u00dfig die Familien- und Kindermitmachgottesdienste und die Erstkommunionen. Au\u00dferdem nehmen wir regelm\u00e4\u00dfig an Kinderchortagen des Chorverbandes Pueri Cantores teil. Dort sind wir seit 4 Jahren Mitglied. Wer Lust hat mitzumachen ist herzlichst willkommen.<\/p>\n<p>Auch die <strong>Orffgruppe <\/strong>beteiligt sich an der Mitgestaltung der Gottesdienste. Die Kinder lernen beim gemeinsamen Musizieren das aufeinander H\u00f6ren und trainieren die Unabh\u00e4ngigkeit der H\u00e4nde:<\/p>\n<p><strong>Blockfl\u00f6tengruppen <\/strong>gibt es f\u00fcr die Kinder des Kindergartens, des Hortes und f\u00fcr Musikbegeisterte. Mit den Fortgeschrittenen gestalten wir gerne Gottesdienste.<\/p>\n<p>Die <strong>Jugendband <\/strong>trifft sich zwei Mal im Monat um neues geistliches Liedgut zu erarbeiten. Die Jugendgottesdienste, Firmung, Jugendmette, Schulgottesdienste gestalten wir durch Lieder aus Rock, Pop, Gospel und auch instrumentaler Musik thematisch mit.<\/p>\n<p>Als Projektchor gestaltet der <strong>Kammerchor <\/strong>Gottesdienste, Feiern und Konzerte 3 bis 4 Mal im Jahr.<\/p>\n<p>Ansprechpartnerin:\u00a0 \u00a0<strong>Frau Luisa Majores Tel. 0160 533 4572\u00a0<\/strong><\/p>\n<h4><span style=\"color: #333399;\">Kirchenmusik-Angebote in der Kirche Maria Hilf:<\/span><\/h4>\n<p><strong>Kirchenchor:<\/strong><\/p>\n<p>Der Kirchenchor von Maria Hilf \u00fcbernimmt regelm\u00e4\u00dfig die Gestaltung verschiedenster Gottesdienste. Dabei erklingt\u00a0Musik aus allen Epochen, von den Anf\u00e4ngen der Vokalpolyphonie bis zu neuen Werken. An\u00a0Hochfesten kommen meist klassische und romantische Messen f\u00fcr Chor\u00a0und Orchester zur Auff\u00fchrung. Einmal im Jahr findet dar\u00fcber hinaus ein Konzert statt, zuletzt das Weihnachtsoratorium von Camille Saint-Saens und das Gloria von Antonio Vivaldi.<\/p>\n<p>Wer Freude am Singen hat und unsere ca. 30 Mitglieder unterst\u00fctzen m\u00f6chte,\u00a0ist herzlich eingeladen, in unserer\u00a0Chorgemeinschaft mitzuwirken.<\/p>\n<p>Ansprechpartnerin:\u00a0 \u00a0<strong>Frau Sabine Sch\u00f6binger <a href=\"mailto:SSchoebinger@ebmuc.de\">SSchoebinger@ebmuc.de<\/a><\/strong><\/p>\n<p><strong>Kinder- und Jugendchor:<\/strong><\/p>\n<p>Ob klassisch oder modern, religi\u00f6se Lieder oder Popsongs \u2013 bei uns ist alles dabei! Wir singen bei Familien- und Jugendgottesdiensten, treten auch mal beim Christkindlmarkt\u00a0und stellen regelm\u00e4\u00dfig ein gro\u00dfes Musical auf die Beine. Wenn uns nicht nach Singen ist, gehen wir Pizza oder Eis essen. Jeder kann mitmachen! Wir freuen uns immer \u00fcber neue S\u00e4ngerinnen und S\u00e4nger!<br \/>\nWir proben jeden <strong>Freitag von 15 bis 16 Uhr<\/strong> im Musikraum des Pfarrheims Maria Hilf (nicht in den Schulferien).<\/p>\n<p>Ansprechpartnerin:<strong>\u00a0 \u00a0Frau Sabine Sch\u00f6binger <a href=\"mailto:SSchoebinger@ebmuc.de\">SSchoebinger@ebmuc.de<\/a><\/strong><\/p>\n<p><strong>Pfarrband:<\/strong><\/p>\n<p>Die Pfarrband unter der Leitung von Manfred Waltl kommt projektm\u00e4\u00dfig f\u00fcr Familien- oder Jugendgottesdienste und Andachten zusammen. Wer Lust hat, die verschiedenen Gottesdienste mit seinem Instrument musikalisch zu bereichern, ist herzlich eingeladen.<\/p>\n<p>Ansprechpartner:<\/p>\n<ul>\n<li><strong>Frau Sabine Sch\u00f6binger <a href=\"mailto:SSchoebinger@ebmuc.de\">SSchoebinger@ebmuc.de<\/a><\/strong><\/li>\n<li><strong>Herr Manfred Waltl <a href=\"mailto:MWaltl@ebmuc.de\">MWaltl@ebmuc.de<\/a><\/strong><\/li>\n<\/ul>\n","protected":false},"excerpt":{"rendered":"<p>Kirchenmusik-Angebote in der Kirche Hl. Familie: Fr\u00fcherziehung in der Kindertagesst\u00e4tte:\u00a0W\u00f6chentlich kommen alle Kinder des Kindergartens der Hl. Familie in die<\/p>\n","protected":false},"author":1,"featured_media":0,"parent":0,"menu_order":0,"comment_status":"closed","ping_status":"closed","template":"","meta":{"colormag_page_container_layout":"default_layout","colormag_page_sidebar_layout":"default_layout","footnotes":""},"class_list":["post-147","page","type-page","status-publish","hentry"],"_links":{"self":[{"href":"https:\/\/stadtkirche-geretsried.de\/stadtkirche\/wp-json\/wp\/v2\/pages\/147","targetHints":{"allow":["GET"]}}],"collection":[{"href":"https:\/\/stadtkirche-geretsried.de\/stadtkirche\/wp-json\/wp\/v2\/pages"}],"about":[{"href":"https:\/\/stadtkirche-geretsried.de\/stadtkirche\/wp-json\/wp\/v2\/types\/page"}],"author":[{"embeddable":true,"href":"https:\/\/stadtkirche-geretsried.de\/stadtkirche\/wp-json\/wp\/v2\/users\/1"}],"replies":[{"embeddable":true,"href":"https:\/\/stadtkirche-geretsried.de\/stadtkirche\/wp-json\/wp\/v2\/comments?post=147"}],"version-history":[{"count":10,"href":"https:\/\/stadtkirche-geretsried.de\/stadtkirche\/wp-json\/wp\/v2\/pages\/147\/revisions"}],"predecessor-version":[{"id":1419,"href":"https:\/\/stadtkirche-geretsried.de\/stadtkirche\/wp-json\/wp\/v2\/pages\/147\/revisions\/1419"}],"wp:attachment":[{"href":"https:\/\/stadtkirche-geretsried.de\/stadtkirche\/wp-json\/wp\/v2\/media?parent=147"}],"curies":[{"name":"wp","href":"https:\/\/api.w.org\/{rel}","templated":true}]}}

<hr />
<h4><span style="color: #333399;">Kirchenmusik-Angebote in der Kirche Hl. Familie:</span></h4>
<p><strong>Früherziehung in der Kindertagesstätte: </strong>Wöchentlich kommen alle Kinder des Kindergartens der Hl. Familie in die Kirche. Wir singen gemeinsam mit den Erzieherinnen und Erzieher jahres- und projektbezogene Lieder; anschließend arbeite ich mit allen Vorschulkindern gruppenweise an den Orffinstrumenten.</p>
<p>Kinder, die noch nicht, oder noch nicht sicher lesen können, sind herzlich zu den <strong>Chorspatzen</strong> eingeladen.</p>
<p>In der nächsten Stufe landen die kleinen Sängerinnen dann im <strong>Vorchor</strong>.</p>
<p>Wenn dann die “großen” Chormitglieder dazu stoßen, sind die “Kleinen” schon bestens mit den Stücken vertraut. Mit diesem <strong>Kinderchor </strong>gestalten wir regelmäßig die Familien- und Kindermitmachgottesdienste und die Erstkommunionen. Außerdem nehmen wir regelmäßig an Kinderchortagen des Chorverbandes Pueri Cantores teil. Dort sind wir seit 4 Jahren Mitglied. Wer Lust hat mitzumachen ist herzlichst willkommen.</p>
<p>Auch die <strong>Orffgruppe </strong>beteiligt sich an der Mitgestaltung der Gottesdienste. Die Kinder lernen beim gemeinsamen Musizieren das aufeinander Hören und trainieren die Unabhängigkeit der Hände:</p>
<p><strong>Blockflötengruppen </strong>gibt es für die Kinder des Kindergartens, des Hortes und für Musikbegeisterte. Mit den Fortgeschrittenen gestalten wir gerne Gottesdienste.</p>
<p>Die <strong>Jugendband </strong>trifft sich zwei Mal im Monat um neues geistliches Liedgut zu erarbeiten. Die Jugendgottesdienste, Firmung, Jugendmette, Schulgottesdienste gestalten wir durch Lieder aus Rock, Pop, Gospel und auch instrumentaler Musik thematisch mit.</p>
<p>Als Projektchor gestaltet der <strong>Kammerchor </strong>Gottesdienste, Feiern und Konzerte 3 bis 4 Mal im Jahr.</p>
<p>Ansprechpartnerin:   <strong>Frau Luisa Majores Tel. 0160 533 4572 </strong></p>
<h4><span style="color: #333399;">Kirchenmusik-Angebote in der Kirche Maria Hilf:</span></h4>
<p><strong>Kirchenchor:</strong></p>
<p>Der Kirchenchor von Maria Hilf übernimmt regelmäßig die Gestaltung verschiedenster Gottesdienste. Dabei erklingt Musik aus allen Epochen, von den Anfängen der Vokalpolyphonie bis zu neuen Werken. An Hochfesten kommen meist klassische und romantische Messen für Chor und Orchester zur Aufführung. Einmal im Jahr findet darüber hinaus ein Konzert statt, zuletzt das Weihnachtsoratorium von Camille Saint-Saens und das Gloria von Antonio Vivaldi.</p>
<p>Wer Freude am Singen hat und unsere ca. 30 Mitglieder unterstützen möchte, ist herzlich eingeladen, in unserer Chorgemeinschaft mitzuwirken.</p>
<p>Ansprechpartnerin:   <strong>Frau Sabine Schöbinger <a href="mailto:SSchoebinger@ebmuc.de">SSchoebinger@ebmuc.de</a></strong></p>
<p><strong>Kinder- und Jugendchor:</strong></p>
<p>Ob klassisch oder modern, religiöse Lieder oder Popsongs – bei uns ist alles dabei! Wir singen bei Familien- und Jugendgottesdiensten, treten auch mal beim Christkindlmarkt und stellen regelmäßig ein großes Musical auf die Beine. Wenn uns nicht nach Singen ist, gehen wir Pizza oder Eis essen. Jeder kann mitmachen! Wir freuen uns immer über neue Sängerinnen und Sänger!<br />
Wir proben jeden <strong>Freitag von 15 bis 16 Uhr</strong> im Musikraum des Pfarrheims Maria Hilf (nicht in den Schulferien).</p>
<p>Ansprechpartnerin:<strong>   Frau Sabine Schöbinger <a href="mailto:SSchoebinger@ebmuc.de">SSchoebinger@ebmuc.de</a></strong></p>
<p><strong>Pfarrband:</strong></p>
<p>Die Pfarrband unter der Leitung von Manfred Waltl kommt projektmäßig für Familien- oder Jugendgottesdienste und Andachten zusammen. Wer Lust hat, die verschiedenen Gottesdienste mit seinem Instrument musikalisch zu bereichern, ist herzlich eingeladen.</p>
<p>Ansprechpartner:</p>
<ul>
<li><strong>Frau Sabine Schöbinger <a href="mailto:SSchoebinger@ebmuc.de">SSchoebinger@ebmuc.de</a></strong></li>
<li><strong>Herr Manfred Waltl <a href="mailto:MWaltl@ebmuc.de">MWaltl@ebmuc.de</a></strong></li>
</ul>

<p>Kirchenmusik-Angebote in der Kirche Hl. Familie: Früherziehung in der Kindertagesstätte: Wöchentlich kommen alle Kinder des Kindergartens der Hl. Familie in die</p>
