{"id":1177,"date":"2021-11-01T17:08:53","date_gmt":"2021-11-01T16:08:53","guid":{"rendered":"http:\/\/stadtkirche-geretsried.de\/stadtkirche\/?page_id=1177"},"modified":"2025-01-07T12:16:35","modified_gmt":"2025-01-07T11:16:35","slug":"ich-mich-ueber-die-kirche-geaergert-habe","status":"publish","type":"page","link":"https:\/\/stadtkirche-geretsried.de\/stadtkirche\/ich-mich-ueber-die-kirche-geaergert-habe\/","title":{"rendered":"\u2026ich mich \u00fcber die Kirche ge\u00e4rgert habe?"},"content":{"rendered":"\n<div class=\"wp-block-media-text has-media-on-the-right is-stacked-on-mobile\" style=\"grid-template-columns:auto 26%\"><div class=\"wp-block-media-text__content\">\n<p><\/p>\n\n\n\n<p>Das kann durchaus vorkommen. Hilfreich w\u00e4re in solch einem Fall genau hinschauen, warum und wor\u00fcber Sie sich ge\u00e4rgert haben. War es ein Interview, ein bestimmtes Zitat oder ein konkreter Vorfall? Vielleicht wurde in den Medien etwas einseitig dargestellt. Manchmal lohnt es sich auch noch eine andere Position zu h\u00f6ren. Manche \u00c4rgernisse lassen sich leider nicht vermeiden. Es gibt menschliches Versagen \u2013 auch in der Kirche. Manchmal gehen Dinge schief \u2013 auch wenn sie gut gemeint waren. In jedem Fall bitten wir Sie, aus einem schnellen \u00c4rger heraus keine \u00fcbereilten Entschl\u00fcsse zu fassen. \u00dcberdenken Sie ihre Meinung, schlafen Sie dar\u00fcber. Vor allem bitten wir Sie mit uns Kontakt aufzunehmen, wenn in der Stadtkirche Geretsried oder in der Kirche allgemein etwas \u201ezum \u00c4rgern\u201c ist. Als Vertreter der Kirche m\u00f6chten wir gerne davon wissen. Vielleicht l\u00e4sst sich sogar Abhilfe schaffen.<\/p>\n<\/div><figure class=\"wp-block-media-text__media\"><img loading=\"lazy\" decoding=\"async\" width=\"300\" height=\"193\" src=\"https:\/\/stadtkirche-geretsried.de\/stadtkirche\/wp-content\/uploads\/2021\/11\/pexels-andrea-piacquadio-3760137-e1635790235699.jpg\" alt=\"\" class=\"wp-image-1238 size-full\"\/><\/figure><\/div>\n\n\n\n<hr class=\"wp-block-separator has-text-color has-black-color has-css-opacity has-black-background-color has-background is-style-wide\"\/>\n\n\n\n<p><a href=\"https:\/\/stadtkirche-geretsried.de\/stadtkirche\/sakramente\/\">&gt;Hier&lt; finden Sie Informationen zu den Sakramenten<\/a><\/p>\n\n\n\n<hr class=\"wp-block-separator has-text-color has-black-color has-css-opacity has-black-background-color has-background is-style-wide\"\/>\n","protected":false},"excerpt":{"rendered":"<p>Das kann durchaus vorkommen. Hilfreich w\u00e4re in solch einem Fall genau hinschauen, warum und wor\u00fcber Sie sich ge\u00e4rgert haben. War<\/p>\n","protected":false},"author":1,"featured_media":0,"parent":0,"menu_order":0,"comment_status":"closed","ping_status":"closed","template":"","meta":{"colormag_page_container_layout":"default_layout","colormag_page_sidebar_layout":"default_layout","footnotes":""},"class_list":["post-1177","page","type-page","status-publish","hentry"],"_links":{"self":[{"href":"https:\/\/stadtkirche-geretsried.de\/stadtkirche\/wp-json\/wp\/v2\/pages\/1177","targetHints":{"allow":["GET"]}}],"collection":[{"href":"https:\/\/stadtkirche-geretsried.de\/stadtkirche\/wp-json\/wp\/v2\/pages"}],"about":[{"href":"https:\/\/stadtkirche-geretsried.de\/stadtkirche\/wp-json\/wp\/v2\/types\/page"}],"author":[{"embeddable":true,"href":"https:\/\/stadtkirche-geretsried.de\/stadtkirche\/wp-json\/wp\/v2\/users\/1"}],"replies":[{"embeddable":true,"href":"https:\/\/stadtkirche-geretsried.de\/stadtkirche\/wp-json\/wp\/v2\/comments?post=1177"}],"version-history":[{"count":4,"href":"https:\/\/stadtkirche-geretsried.de\/stadtkirche\/wp-json\/wp\/v2\/pages\/1177\/revisions"}],"predecessor-version":[{"id":3947,"href":"https:\/\/stadtkirche-geretsried.de\/stadtkirche\/wp-json\/wp\/v2\/pages\/1177\/revisions\/3947"}],"wp:attachment":[{"href":"https:\/\/stadtkirche-geretsried.de\/stadtkirche\/wp-json\/wp\/v2\/media?parent=1177"}],"curies":[{"name":"wp","href":"https:\/\/api.w.org\/{rel}","templated":true}]}}

…ich mich über die Kirche geärgert habe?

<div class="wp-block-media-text has-media-on-the-right is-stacked-on-mobile" style="grid-template-columns:auto 26%"><div class="wp-block-media-text__content">
<p></p>



<p>Das kann durchaus vorkommen. Hilfreich wäre in solch einem Fall genau hinschauen, warum und worüber Sie sich geärgert haben. War es ein Interview, ein bestimmtes Zitat oder ein konkreter Vorfall? Vielleicht wurde in den Medien etwas einseitig dargestellt. Manchmal lohnt es sich auch noch eine andere Position zu hören. Manche Ärgernisse lassen sich leider nicht vermeiden. Es gibt menschliches Versagen – auch in der Kirche. Manchmal gehen Dinge schief – auch wenn sie gut gemeint waren. In jedem Fall bitten wir Sie, aus einem schnellen Ärger heraus keine übereilten Entschlüsse zu fassen. Überdenken Sie ihre Meinung, schlafen Sie darüber. Vor allem bitten wir Sie mit uns Kontakt aufzunehmen, wenn in der Stadtkirche Geretsried oder in der Kirche allgemein etwas „zum Ärgern“ ist. Als Vertreter der Kirche möchten wir gerne davon wissen. Vielleicht lässt sich sogar Abhilfe schaffen.</p>
</div><figure class="wp-block-media-text__media"><img loading="lazy" decoding="async" width="300" height="193" src="https://stadtkirche-geretsried.de/stadtkirche/wp-content/uploads/2021/11/pexels-andrea-piacquadio-3760137-e1635790235699.jpg" alt="" class="wp-image-1238 size-full"/></figure></div>



<hr class="wp-block-separator has-text-color has-black-color has-css-opacity has-black-background-color has-background is-style-wide"/>



<p><a href="https://stadtkirche-geretsried.de/stadtkirche/sakramente/">&gt;Hier&lt; finden Sie Informationen zu den Sakramenten</a></p>



<hr class="wp-block-separator has-text-color has-black-color has-css-opacity has-black-background-color has-background is-style-wide"/>

<p>Das kann durchaus vorkommen. Hilfreich wäre in solch einem Fall genau hinschauen, warum und worüber Sie sich geärgert haben. War</p>
