{"id":1171,"date":"2021-11-01T17:01:57","date_gmt":"2021-11-01T16:01:57","guid":{"rendered":"http:\/\/stadtkirche-geretsried.de\/stadtkirche\/?page_id=1171"},"modified":"2025-01-07T11:58:54","modified_gmt":"2025-01-07T10:58:54","slug":"ich-eine-glaubenskrise-erlebe","status":"publish","type":"page","link":"https:\/\/stadtkirche-geretsried.de\/stadtkirche\/ich-eine-glaubenskrise-erlebe\/","title":{"rendered":"\u2026ich eine Glaubenskrise erlebe?"},"content":{"rendered":"\n<div class=\"wp-block-media-text has-media-on-the-right is-stacked-on-mobile\" style=\"grid-template-columns:auto 27%\"><div class=\"wp-block-media-text__content\">\n<p>Das ist nichts Seltenes oder Ungew\u00f6hnliches. Viele Menschen \u2013 auch die gro\u00dfen Heiligen \u2013 erz\u00e4hlen von solchen Situationen. Man wei\u00df pl\u00f6tzlich nicht mehr, wie man beten soll. Oder zu wem. Man ist sich nicht mehr sicher, ob Gott einen h\u00f6rt, ob er sich f\u00fcr uns interessiert oder ob er \u00fcberhaupt noch da ist. Oder dieses Gef\u00fchl einfach allein zu sein. Dass da niemand mehr ist, der einen h\u00e4lt, in dessen Gegenwart wir aufgehoben sind.<\/p>\n\n\n\n<p>Ein geistliches Gespr\u00e4ch kann dabei helfen, einen neuen Blickwinkel zu bekommen und sich dem Glauben wieder von einer anderen Seite anzun\u00e4hern. Manche Krisen kommen schleichend, gleichsam als ein Prozess der Entfremdung. Sie erfordern dann einen pers\u00f6nlichen Weg der Ann\u00e4herung. Verzweifeln Sie bitte nicht. Beten Sie weiter. Auch wenn das Beten schwerf\u00e4llt., selbst dann, wenn Sie nicht sicher sind, ob es geh\u00f6rt wird. Legen Sie die ganze Ratlosigkeit und Verlassenheit in ein Gebet. Und hilfreich ist immer der Blick eines Au\u00dfenstehenden. Gerade in Augenblicken von Glaubenszweifeln und Glaubenskrisen m\u00f6chten wir Sie gerne geistlich.<\/p>\n<\/div><figure class=\"wp-block-media-text__media\"><img loading=\"lazy\" decoding=\"async\" width=\"200\" height=\"133\" src=\"https:\/\/stadtkirche-geretsried.de\/stadtkirche\/wp-content\/uploads\/2021\/11\/pexels-garon-piceli-576926-e1635789650883.jpg\" alt=\"\" class=\"wp-image-1229 size-full\"\/><\/figure><\/div>\n\n\n\n<hr class=\"wp-block-separator has-text-color has-black-color has-css-opacity has-black-background-color has-background is-style-wide\"\/>\n\n\n\n<p><a href=\"https:\/\/stadtkirche-geretsried.de\/stadtkirche\/sakramente\/\">&gt;Hier&lt; finden Sie Informationen zu den Sakramenten<\/a><\/p>\n\n\n\n<hr class=\"wp-block-separator has-text-color has-black-color has-css-opacity has-black-background-color has-background is-style-wide\"\/>\n","protected":false},"excerpt":{"rendered":"<p>Das ist nichts Seltenes oder Ungew\u00f6hnliches. Viele Menschen \u2013 auch die gro\u00dfen Heiligen \u2013 erz\u00e4hlen von solchen Situationen. Man wei\u00df<\/p>\n","protected":false},"author":1,"featured_media":0,"parent":0,"menu_order":0,"comment_status":"closed","ping_status":"closed","template":"","meta":{"colormag_page_container_layout":"default_layout","colormag_page_sidebar_layout":"default_layout","footnotes":""},"class_list":["post-1171","page","type-page","status-publish","hentry"],"_links":{"self":[{"href":"https:\/\/stadtkirche-geretsried.de\/stadtkirche\/wp-json\/wp\/v2\/pages\/1171","targetHints":{"allow":["GET"]}}],"collection":[{"href":"https:\/\/stadtkirche-geretsried.de\/stadtkirche\/wp-json\/wp\/v2\/pages"}],"about":[{"href":"https:\/\/stadtkirche-geretsried.de\/stadtkirche\/wp-json\/wp\/v2\/types\/page"}],"author":[{"embeddable":true,"href":"https:\/\/stadtkirche-geretsried.de\/stadtkirche\/wp-json\/wp\/v2\/users\/1"}],"replies":[{"embeddable":true,"href":"https:\/\/stadtkirche-geretsried.de\/stadtkirche\/wp-json\/wp\/v2\/comments?post=1171"}],"version-history":[{"count":3,"href":"https:\/\/stadtkirche-geretsried.de\/stadtkirche\/wp-json\/wp\/v2\/pages\/1171\/revisions"}],"predecessor-version":[{"id":3937,"href":"https:\/\/stadtkirche-geretsried.de\/stadtkirche\/wp-json\/wp\/v2\/pages\/1171\/revisions\/3937"}],"wp:attachment":[{"href":"https:\/\/stadtkirche-geretsried.de\/stadtkirche\/wp-json\/wp\/v2\/media?parent=1171"}],"curies":[{"name":"wp","href":"https:\/\/api.w.org\/{rel}","templated":true}]}}

<div class="wp-block-media-text has-media-on-the-right is-stacked-on-mobile" style="grid-template-columns:auto 27%"><div class="wp-block-media-text__content">
<p>Das ist nichts Seltenes oder Ungewöhnliches. Viele Menschen – auch die großen Heiligen – erzählen von solchen Situationen. Man weiß plötzlich nicht mehr, wie man beten soll. Oder zu wem. Man ist sich nicht mehr sicher, ob Gott einen hört, ob er sich für uns interessiert oder ob er überhaupt noch da ist. Oder dieses Gefühl einfach allein zu sein. Dass da niemand mehr ist, der einen hält, in dessen Gegenwart wir aufgehoben sind.</p>



<p>Ein geistliches Gespräch kann dabei helfen, einen neuen Blickwinkel zu bekommen und sich dem Glauben wieder von einer anderen Seite anzunähern. Manche Krisen kommen schleichend, gleichsam als ein Prozess der Entfremdung. Sie erfordern dann einen persönlichen Weg der Annäherung. Verzweifeln Sie bitte nicht. Beten Sie weiter. Auch wenn das Beten schwerfällt., selbst dann, wenn Sie nicht sicher sind, ob es gehört wird. Legen Sie die ganze Ratlosigkeit und Verlassenheit in ein Gebet. Und hilfreich ist immer der Blick eines Außenstehenden. Gerade in Augenblicken von Glaubenszweifeln und Glaubenskrisen möchten wir Sie gerne geistlich.</p>
</div><figure class="wp-block-media-text__media"><img loading="lazy" decoding="async" width="200" height="133" src="https://stadtkirche-geretsried.de/stadtkirche/wp-content/uploads/2021/11/pexels-garon-piceli-576926-e1635789650883.jpg" alt="" class="wp-image-1229 size-full"/></figure></div>



<hr class="wp-block-separator has-text-color has-black-color has-css-opacity has-black-background-color has-background is-style-wide"/>



<p><a href="https://stadtkirche-geretsried.de/stadtkirche/sakramente/">&gt;Hier&lt; finden Sie Informationen zu den Sakramenten</a></p>



<hr class="wp-block-separator has-text-color has-black-color has-css-opacity has-black-background-color has-background is-style-wide"/>

<p>Das ist nichts Seltenes oder Ungewöhnliches. Viele Menschen – auch die großen Heiligen – erzählen von solchen Situationen. Man weiß</p>
