{"id":1168,"date":"2021-11-01T16:58:34","date_gmt":"2021-11-01T15:58:34","guid":{"rendered":"http:\/\/stadtkirche-geretsried.de\/stadtkirche\/?page_id=1168"},"modified":"2025-01-07T11:44:44","modified_gmt":"2025-01-07T10:44:44","slug":"jemand-aus-meiner-familie-stirbt","status":"publish","type":"page","link":"https:\/\/stadtkirche-geretsried.de\/stadtkirche\/jemand-aus-meiner-familie-stirbt\/","title":{"rendered":"\u2026jemand aus meiner Familie stirbt?"},"content":{"rendered":"\n<div class=\"wp-block-media-text has-media-on-the-right is-stacked-on-mobile\" style=\"grid-template-columns:auto 26%\"><div class=\"wp-block-media-text__content\">\n<p>Das brauchen Sie:<\/p>\n\n\n\n<p>F\u00fcr das Trauergespr\u00e4ch mit zust\u00e4ndigen Seelsorger nach M\u00f6glichkeit einen kleinen Lebenslauf des \/ der Verstorbenen, aus dem pers\u00f6nliche St\u00e4rken, Vorlieben, Hobbys usw. hervorgehen. Das vereinfacht die Planung des Trauergottesdienstes und die Auswahl passender Texte und Gebete. Wenn Sie allerdings noch keinen klaren Gedanken fassen und erst recht nichts zu Papier bringen k\u00f6nnen, ist das auch kein Problem. Bitte haben Sie keine Scheu, einen unserer Seelsorger um Hilfe zu bitten, wenn Ihre Trauer zu gro\u00df ist und Sie sich mit allem \u00fcberfordert f\u00fchlen. Rufen Sie einfach im Pfarrb\u00fcro an oder bitten Sie eine Ihnen nahestehende Person, einen der Seelsorger zu informieren!<\/p>\n\n\n\n<p>Kontakt mit dem Bestattungsunternehmen (schon da werden viele Fragen beantwortet)<\/p>\n\n\n\n<p>Auf alle F\u00e4lle den Totenschein.<\/p>\n\n\n\n<p>Gut ist es, bereits ein Foto f\u00fcr das Sterbebildchen ausgew\u00e4hlt zu haben.<\/p>\n<\/div><figure class=\"wp-block-media-text__media\"><img loading=\"lazy\" decoding=\"async\" width=\"300\" height=\"200\" src=\"https:\/\/stadtkirche-geretsried.de\/stadtkirche\/wp-content\/uploads\/2021\/11\/pexels-cottonbro-6565238-e1635788935791.jpg\" alt=\"\" class=\"wp-image-1218 size-full\"\/><\/figure><\/div>\n\n\n\n<hr class=\"wp-block-separator has-text-color has-black-color has-css-opacity has-black-background-color has-background is-style-wide\"\/>\n\n\n\n<p><a href=\"https:\/\/stadtkirche-geretsried.de\/stadtkirche\/sakramente\/\">&gt;Hier&lt; finden Sie Informationen zu den Sakramenten<\/a><\/p>\n\n\n\n<hr class=\"wp-block-separator has-text-color has-black-color has-css-opacity has-black-background-color has-background is-style-wide\"\/>\n","protected":false},"excerpt":{"rendered":"<p>Das brauchen Sie: F\u00fcr das Trauergespr\u00e4ch mit zust\u00e4ndigen Seelsorger nach M\u00f6glichkeit einen kleinen Lebenslauf des \/ der Verstorbenen, aus dem<\/p>\n","protected":false},"author":1,"featured_media":0,"parent":0,"menu_order":0,"comment_status":"closed","ping_status":"closed","template":"","meta":{"colormag_page_container_layout":"default_layout","colormag_page_sidebar_layout":"default_layout","footnotes":""},"class_list":["post-1168","page","type-page","status-publish","hentry"],"_links":{"self":[{"href":"https:\/\/stadtkirche-geretsried.de\/stadtkirche\/wp-json\/wp\/v2\/pages\/1168","targetHints":{"allow":["GET"]}}],"collection":[{"href":"https:\/\/stadtkirche-geretsried.de\/stadtkirche\/wp-json\/wp\/v2\/pages"}],"about":[{"href":"https:\/\/stadtkirche-geretsried.de\/stadtkirche\/wp-json\/wp\/v2\/types\/page"}],"author":[{"embeddable":true,"href":"https:\/\/stadtkirche-geretsried.de\/stadtkirche\/wp-json\/wp\/v2\/users\/1"}],"replies":[{"embeddable":true,"href":"https:\/\/stadtkirche-geretsried.de\/stadtkirche\/wp-json\/wp\/v2\/comments?post=1168"}],"version-history":[{"count":5,"href":"https:\/\/stadtkirche-geretsried.de\/stadtkirche\/wp-json\/wp\/v2\/pages\/1168\/revisions"}],"predecessor-version":[{"id":3935,"href":"https:\/\/stadtkirche-geretsried.de\/stadtkirche\/wp-json\/wp\/v2\/pages\/1168\/revisions\/3935"}],"wp:attachment":[{"href":"https:\/\/stadtkirche-geretsried.de\/stadtkirche\/wp-json\/wp\/v2\/media?parent=1168"}],"curies":[{"name":"wp","href":"https:\/\/api.w.org\/{rel}","templated":true}]}}