{"id":98,"date":"2020-05-12T08:10:59","date_gmt":"2020-05-12T06:10:59","guid":{"rendered":"https:\/\/stadtkirche-geretsried.de\/nk\/?page_id=98"},"modified":"2022-06-10T16:00:03","modified_gmt":"2022-06-10T14:00:03","slug":"restaurierung","status":"publish","type":"page","link":"https:\/\/stadtkirche-geretsried.de\/nk\/restaurierung\/","title":{"rendered":"Restaurierung"},"content":{"rendered":"\n<p>Zu Beginn der F\u00fcnfzigerjahre, als in den Geb\u00e4uden der ehemaligen Munitionsfabrik Heimatvertriebene und Fl\u00fcchtlinge aus den Ostgebieten einquartiert und die Pfarreien &#8222;Maria Hilf&#8220; und &#8222;Heilige Familie&#8220; gegr\u00fcndet worden waren, geriet die Nikolaus-Kapelle bald in Vergessenheit. Schon von au\u00dfen konnte man den fortschreitenden Verfall feststellen. Das Kreuz auf dem Turm war vom Blitz getroffen und hing weithin sichtbar schief herab. Durch ein schadhaftes Dach drang Regenwasser in das Innere der Kapelle. Der Putz br\u00f6ckelte allenthalben von den W\u00e4nden. Der Mauerschwamm zerst\u00f6rte die Fundamente. Der Turm drohte einzust\u00fcrzen, da der Eichenbalken auf den er gr\u00fcndete, vollkommen verrottet war.<\/p>\n\n\n\n<p>Die erste Renovierungsaktion, die 1969 gestartet und 1970, im Jahr der Stadterhebung von Geretsried, beendet wurde, hatte in der Hauptsache zum Ziel, den Verfall der Kapelle zu stoppen.<\/p>\n\n\n\n<p>Damals wurden die Fundamente durch den Bau eines Entl\u00fcftungskanales trockengelegt, der Turm mit einem Stahltr\u00e4ger stabilisiert und Dach und Fenster gegen eindringendes Regenwasser abgedichtet.<\/p>\n\n\n\n<div class=\"wp-block-image is-style-default\"><figure class=\"aligncenter size-full is-resized\"><img loading=\"lazy\" decoding=\"async\" src=\"https:\/\/stadtkirche-geretsried.de\/nk\/wp-content\/uploads\/2020\/06\/Trockenl.jpg\" alt=\"\" class=\"wp-image-287\" width=\"300\" height=\"431\" srcset=\"https:\/\/stadtkirche-geretsried.de\/nk\/wp-content\/uploads\/2020\/06\/Trockenl.jpg 1000w, https:\/\/stadtkirche-geretsried.de\/nk\/wp-content\/uploads\/2020\/06\/Trockenl-209x300.jpg 209w, https:\/\/stadtkirche-geretsried.de\/nk\/wp-content\/uploads\/2020\/06\/Trockenl-712x1024.jpg 712w, https:\/\/stadtkirche-geretsried.de\/nk\/wp-content\/uploads\/2020\/06\/Trockenl-768x1104.jpg 768w, https:\/\/stadtkirche-geretsried.de\/nk\/wp-content\/uploads\/2020\/06\/Trockenl-624x897.jpg 624w\" sizes=\"(max-width: 300px) 100vw, 300px\" \/><figcaption>Die Grundmauern werden zur Trockenlegung  mit einem Entl\u00fcftungskanal umgeben.<\/figcaption><\/figure><\/div>\n\n\n\n<p>Bei der Bergung des schiefen Kreuzes am Turm der Kapelle half die Geretsrieder Freiwillige Feuerwehr<\/p>\n\n\n\n<div class=\"wp-block-columns is-layout-flex wp-container-core-columns-layout-1 wp-block-columns-is-layout-flex\">\n<div class=\"wp-block-column is-vertically-aligned-center is-layout-flow wp-block-column-is-layout-flow\">\n<figure class=\"wp-block-image size-large is-style-default\"><img loading=\"lazy\" decoding=\"async\" width=\"1000\" height=\"1000\" src=\"https:\/\/stadtkirche-geretsried.de\/nk\/wp-content\/uploads\/2020\/06\/Kreuzabnahme_Qu_X.jpg\" alt=\"\" class=\"wp-image-289\" srcset=\"https:\/\/stadtkirche-geretsried.de\/nk\/wp-content\/uploads\/2020\/06\/Kreuzabnahme_Qu_X.jpg 1000w, https:\/\/stadtkirche-geretsried.de\/nk\/wp-content\/uploads\/2020\/06\/Kreuzabnahme_Qu_X-300x300.jpg 300w, https:\/\/stadtkirche-geretsried.de\/nk\/wp-content\/uploads\/2020\/06\/Kreuzabnahme_Qu_X-150x150.jpg 150w, https:\/\/stadtkirche-geretsried.de\/nk\/wp-content\/uploads\/2020\/06\/Kreuzabnahme_Qu_X-768x768.jpg 768w, https:\/\/stadtkirche-geretsried.de\/nk\/wp-content\/uploads\/2020\/06\/Kreuzabnahme_Qu_X-624x624.jpg 624w\" sizes=\"(max-width: 1000px) 100vw, 1000px\" \/><figcaption><em>&#8222;St. Florian hilft St. Nikolaus.&#8220; -Das schadhafte Kreuz wird durch die Geretsrieder Freiwillige Feuerwehr geborgen.<\/em><\/figcaption><\/figure>\n<\/div>\n\n\n\n<div class=\"wp-block-column is-vertically-aligned-center is-layout-flow wp-block-column-is-layout-flow\">\n<div class=\"wp-block-image is-style-default\"><figure class=\"aligncenter size-full is-resized\"><img loading=\"lazy\" decoding=\"async\" src=\"https:\/\/stadtkirche-geretsried.de\/nk\/wp-content\/uploads\/2020\/06\/Dscn7564.jpg\" alt=\"\" class=\"wp-image-294\" width=\"300\" height=\"225\" srcset=\"https:\/\/stadtkirche-geretsried.de\/nk\/wp-content\/uploads\/2020\/06\/Dscn7564.jpg 1000w, https:\/\/stadtkirche-geretsried.de\/nk\/wp-content\/uploads\/2020\/06\/Dscn7564-300x225.jpg 300w, https:\/\/stadtkirche-geretsried.de\/nk\/wp-content\/uploads\/2020\/06\/Dscn7564-768x576.jpg 768w, https:\/\/stadtkirche-geretsried.de\/nk\/wp-content\/uploads\/2020\/06\/Dscn7564-624x468.jpg 624w\" sizes=\"(max-width: 300px) 100vw, 300px\" \/><\/figure><\/div>\n<\/div>\n<\/div>\n\n\n\n<p>Der Abschlu\u00df der Arbeiten wurde gleichzeitig mit dem 250. Jubil\u00e4um am 6. Dezember 1972 mit einer erneuten Benediktion der Kapelle durch Herrn Weihbischof Ernst Tewes gefeiert.<\/p>\n\n\n\n<p>Bei der zweiten Aktion, die 1990 abgeschlossen werden konnte, wurde die Kapelle wieder in ihren urspr\u00fcnglichen Zustand versetzt. Anhand umfangreicher Analysen durch erfahrene Restauratoren wurde versucht festzustellen, wie die Kapelle urspr\u00fcnglich ausgesehen hatte.<\/p>\n\n\n\n<p>Nach den erhaltenen Befunden wurde die Kapelle dann wiederhergestellt, mit einem Dach aus handgespaltenen L\u00e4rchenschindeln und einem Anstrich in der seinerzeit angewandten Technik, mit reinem holzgebrannten Sumpfkalk und Farbpigmenten. Auch die Innenausstattung wurde total \u00fcberarbeitet. Als einziges Zugest\u00e4ndnis an die neue Zeit wurde ein kristallener Barockleuchter mit elektrischen Kerzen installiert.<\/p>\n\n\n\n<div class=\"wp-block-image is-style-default\"><figure class=\"aligncenter size-full is-resized\"><img loading=\"lazy\" decoding=\"async\" src=\"https:\/\/stadtkirche-geretsried.de\/nk\/wp-content\/uploads\/2020\/06\/SNK_mitGer\u00fcst.jpg\" alt=\"\" class=\"wp-image-292\" width=\"300\" height=\"376\" srcset=\"https:\/\/stadtkirche-geretsried.de\/nk\/wp-content\/uploads\/2020\/06\/SNK_mitGer\u00fcst.jpg 1000w, https:\/\/stadtkirche-geretsried.de\/nk\/wp-content\/uploads\/2020\/06\/SNK_mitGer\u00fcst-239x300.jpg 239w, https:\/\/stadtkirche-geretsried.de\/nk\/wp-content\/uploads\/2020\/06\/SNK_mitGer\u00fcst-817x1024.jpg 817w, https:\/\/stadtkirche-geretsried.de\/nk\/wp-content\/uploads\/2020\/06\/SNK_mitGer\u00fcst-768x963.jpg 768w, https:\/\/stadtkirche-geretsried.de\/nk\/wp-content\/uploads\/2020\/06\/SNK_mitGer\u00fcst-624x782.jpg 624w\" sizes=\"(max-width: 300px) 100vw, 300px\" \/><figcaption><em>Die Kapelle erh\u00e4lt einen neuen Anstrich und<br>wird mit L\u00e4rchenschindeln eingedeckt.<\/em><\/figcaption><\/figure><\/div>\n\n\n\n<p>F\u00fcr diese Restaurierung mussten Mittel in H\u00f6he von 340.000.- DM beschafft werden. Bei der 1972 abgeschlossenen Aktion war man mit ca. 30.000.- DM ausgekommen.<\/p>\n\n\n\n<p>Herr Landrat, Dr. Huber, \u00fcberreichte der Interessengemeinschaft f\u00fcr die Verdienste um den Denkmalschutz eine besondere Urkunde. Bei der abschlie\u00dfenden Feier am 6.&nbsp;Dezember 1990 lobte er die Interessengemeinschaft mit den Worten: <strong>&#8222;Sie haben das sch\u00f6nste Geb\u00e4ude von Geretsried gerettet.&#8220;<\/strong><\/p>\n\n\n\n<p class=\"has-text-align-center\"><div id=\"metaslider-id-353\" style=\"max-width: 427px; margin: 0 auto;\" class=\"ml-slider-3-60-1 metaslider metaslider-nivo metaslider-353 ml-slider ms-theme-default\" role=\"region\" aria-roledescription=\"Slideshow\" aria-label=\"Nikolauskapelle Restaurierung\">\n    <div id=\"metaslider_container_353\">\n        <div class='slider-wrapper theme-default'><div class='ribbon'><\/div><div id='metaslider_353' class='nivoSlider'><img loading=\"lazy\" decoding=\"async\" src=\"https:\/\/stadtkirche-geretsried.de\/nk\/wp-content\/uploads\/2020\/06\/SNK_PutzanalyseX-427x320.jpg\" height=\"320\" width=\"427\" data-caption=\"Putzanalyse\" title=\"SNK_PutzanalyseX\" alt=\"\" class=\"slider-353 slide-354\" \/><img loading=\"lazy\" decoding=\"async\" src=\"https:\/\/stadtkirche-geretsried.de\/nk\/wp-content\/uploads\/2020\/06\/Restaur-Medallion-427x320.jpg\" height=\"320\" width=\"427\" data-caption=\"Restaurierung Medallion\" title=\"Restaur-Medallion\" alt=\"\" class=\"slider-353 slide-355\" \/><img loading=\"lazy\" decoding=\"async\" src=\"https:\/\/stadtkirche-geretsried.de\/nk\/wp-content\/uploads\/2020\/06\/Rest_Kruzifix-427x320.jpg\" height=\"320\" width=\"427\" data-caption=\"Restaurierung Kruzifix\" title=\"Rest_Kruzifix\" alt=\"\" class=\"slider-353 slide-356\" \/><img loading=\"lazy\" decoding=\"async\" src=\"https:\/\/stadtkirche-geretsried.de\/nk\/wp-content\/uploads\/2020\/06\/MaurerFranken-am-Altar-427x320.jpg\" height=\"320\" width=\"427\" data-caption=\"MaurerFranken am Altar\" title=\"MaurerFranken am Altar\" alt=\"\" class=\"slider-353 slide-357\" \/><img loading=\"lazy\" decoding=\"async\" src=\"https:\/\/stadtkirche-geretsried.de\/nk\/wp-content\/uploads\/2020\/06\/Mauerschwamm4X-427x320.jpg\" height=\"320\" width=\"427\" data-caption=\"Mauerschwamm\" title=\"Mauerschwamm4X\" alt=\"\" class=\"slider-353 slide-358\" \/><img loading=\"lazy\" decoding=\"async\" src=\"https:\/\/stadtkirche-geretsried.de\/nk\/wp-content\/uploads\/2020\/06\/Kiesaufsch\u00fcttung-427x320.jpg\" height=\"320\" width=\"427\" data-caption=\"Kiesaufsch&uuml;ttung\" title=\"Kiesaufsch\u00fcttung\" alt=\"\" class=\"slider-353 slide-359\" \/><img loading=\"lazy\" decoding=\"async\" src=\"https:\/\/stadtkirche-geretsried.de\/nk\/wp-content\/uploads\/2020\/06\/Baulicher-Zustand-vdRen-427x320.jpg\" height=\"320\" width=\"427\" data-caption=\"Baulicher Zustand vor der Renovierung\" title=\"Baulicher Zustand vdRen\" alt=\"\" class=\"slider-353 slide-360\" \/><\/div><\/div>\n        \n    <\/div>\n<\/div><\/p>\n","protected":false},"excerpt":{"rendered":"<p>Zu Beginn der F\u00fcnfzigerjahre, als in den Geb\u00e4uden der ehemaligen Munitionsfabrik Heimatvertriebene und Fl\u00fcchtlinge aus den Ostgebieten einquartiert und die Pfarreien &#8222;Maria Hilf&#8220; und &#8222;Heilige Familie&#8220; gegr\u00fcndet worden waren, geriet die Nikolaus-Kapelle bald in Vergessenheit. Schon von au\u00dfen konnte man den fortschreitenden Verfall feststellen. Das Kreuz auf dem Turm war vom Blitz getroffen und hing [&hellip;]<\/p>\n","protected":false},"author":1,"featured_media":0,"parent":0,"menu_order":0,"comment_status":"closed","ping_status":"closed","template":"","meta":{"footnotes":""},"_links":{"self":[{"href":"https:\/\/stadtkirche-geretsried.de\/nk\/wp-json\/wp\/v2\/pages\/98"}],"collection":[{"href":"https:\/\/stadtkirche-geretsried.de\/nk\/wp-json\/wp\/v2\/pages"}],"about":[{"href":"https:\/\/stadtkirche-geretsried.de\/nk\/wp-json\/wp\/v2\/types\/page"}],"author":[{"embeddable":true,"href":"https:\/\/stadtkirche-geretsried.de\/nk\/wp-json\/wp\/v2\/users\/1"}],"replies":[{"embeddable":true,"href":"https:\/\/stadtkirche-geretsried.de\/nk\/wp-json\/wp\/v2\/comments?post=98"}],"version-history":[{"count":5,"href":"https:\/\/stadtkirche-geretsried.de\/nk\/wp-json\/wp\/v2\/pages\/98\/revisions"}],"predecessor-version":[{"id":628,"href":"https:\/\/stadtkirche-geretsried.de\/nk\/wp-json\/wp\/v2\/pages\/98\/revisions\/628"}],"wp:attachment":[{"href":"https:\/\/stadtkirche-geretsried.de\/nk\/wp-json\/wp\/v2\/media?parent=98"}],"curies":[{"name":"wp","href":"https:\/\/api.w.org\/{rel}","templated":true}]}}

<p>Zu Beginn der Fünfzigerjahre, als in den Gebäuden der ehemaligen Munitionsfabrik Heimatvertriebene und Flüchtlinge aus den Ostgebieten einquartiert und die Pfarreien &#8222;Maria Hilf&#8220; und &#8222;Heilige Familie&#8220; gegründet worden waren, geriet die Nikolaus-Kapelle bald in Vergessenheit. Schon von außen konnte man den fortschreitenden Verfall feststellen. Das Kreuz auf dem Turm war vom Blitz getroffen und hing weithin sichtbar schief herab. Durch ein schadhaftes Dach drang Regenwasser in das Innere der Kapelle. Der Putz bröckelte allenthalben von den Wänden. Der Mauerschwamm zerstörte die Fundamente. Der Turm drohte einzustürzen, da der Eichenbalken auf den er gründete, vollkommen verrottet war.</p>



<p>Die erste Renovierungsaktion, die 1969 gestartet und 1970, im Jahr der Stadterhebung von Geretsried, beendet wurde, hatte in der Hauptsache zum Ziel, den Verfall der Kapelle zu stoppen.</p>



<p>Damals wurden die Fundamente durch den Bau eines Entlüftungskanales trockengelegt, der Turm mit einem Stahlträger stabilisiert und Dach und Fenster gegen eindringendes Regenwasser abgedichtet.</p>



<div class="wp-block-image is-style-default"><figure class="aligncenter size-full is-resized"><img loading="lazy" decoding="async" src="https://stadtkirche-geretsried.de/nk/wp-content/uploads/2020/06/Trockenl.jpg" alt="" class="wp-image-287" width="300" height="431" srcset="https://stadtkirche-geretsried.de/nk/wp-content/uploads/2020/06/Trockenl.jpg 1000w, https://stadtkirche-geretsried.de/nk/wp-content/uploads/2020/06/Trockenl-209x300.jpg 209w, https://stadtkirche-geretsried.de/nk/wp-content/uploads/2020/06/Trockenl-712x1024.jpg 712w, https://stadtkirche-geretsried.de/nk/wp-content/uploads/2020/06/Trockenl-768x1104.jpg 768w, https://stadtkirche-geretsried.de/nk/wp-content/uploads/2020/06/Trockenl-624x897.jpg 624w" sizes="(max-width: 300px) 100vw, 300px" /><figcaption>Die Grundmauern werden zur Trockenlegung  mit einem Entlüftungskanal umgeben.</figcaption></figure></div>



<p>Bei der Bergung des schiefen Kreuzes am Turm der Kapelle half die Geretsrieder Freiwillige Feuerwehr</p>



<div class="wp-block-columns is-layout-flex wp-container-core-columns-layout-1 wp-block-columns-is-layout-flex">
<div class="wp-block-column is-vertically-aligned-center is-layout-flow wp-block-column-is-layout-flow">
<figure class="wp-block-image size-large is-style-default"><img loading="lazy" decoding="async" width="1000" height="1000" src="https://stadtkirche-geretsried.de/nk/wp-content/uploads/2020/06/Kreuzabnahme_Qu_X.jpg" alt="" class="wp-image-289" srcset="https://stadtkirche-geretsried.de/nk/wp-content/uploads/2020/06/Kreuzabnahme_Qu_X.jpg 1000w, https://stadtkirche-geretsried.de/nk/wp-content/uploads/2020/06/Kreuzabnahme_Qu_X-300x300.jpg 300w, https://stadtkirche-geretsried.de/nk/wp-content/uploads/2020/06/Kreuzabnahme_Qu_X-150x150.jpg 150w, https://stadtkirche-geretsried.de/nk/wp-content/uploads/2020/06/Kreuzabnahme_Qu_X-768x768.jpg 768w, https://stadtkirche-geretsried.de/nk/wp-content/uploads/2020/06/Kreuzabnahme_Qu_X-624x624.jpg 624w" sizes="(max-width: 1000px) 100vw, 1000px" /><figcaption><em>&#8222;St. Florian hilft St. Nikolaus.&#8220; -Das schadhafte Kreuz wird durch die Geretsrieder Freiwillige Feuerwehr geborgen.</em></figcaption></figure>
</div>



<div class="wp-block-column is-vertically-aligned-center is-layout-flow wp-block-column-is-layout-flow">
<div class="wp-block-image is-style-default"><figure class="aligncenter size-full is-resized"><img loading="lazy" decoding="async" src="https://stadtkirche-geretsried.de/nk/wp-content/uploads/2020/06/Dscn7564.jpg" alt="" class="wp-image-294" width="300" height="225" srcset="https://stadtkirche-geretsried.de/nk/wp-content/uploads/2020/06/Dscn7564.jpg 1000w, https://stadtkirche-geretsried.de/nk/wp-content/uploads/2020/06/Dscn7564-300x225.jpg 300w, https://stadtkirche-geretsried.de/nk/wp-content/uploads/2020/06/Dscn7564-768x576.jpg 768w, https://stadtkirche-geretsried.de/nk/wp-content/uploads/2020/06/Dscn7564-624x468.jpg 624w" sizes="(max-width: 300px) 100vw, 300px" /></figure></div>
</div>
</div>



<p>Der Abschluß der Arbeiten wurde gleichzeitig mit dem 250. Jubiläum am 6. Dezember 1972 mit einer erneuten Benediktion der Kapelle durch Herrn Weihbischof Ernst Tewes gefeiert.</p>



<p>Bei der zweiten Aktion, die 1990 abgeschlossen werden konnte, wurde die Kapelle wieder in ihren ursprünglichen Zustand versetzt. Anhand umfangreicher Analysen durch erfahrene Restauratoren wurde versucht festzustellen, wie die Kapelle ursprünglich ausgesehen hatte.</p>



<p>Nach den erhaltenen Befunden wurde die Kapelle dann wiederhergestellt, mit einem Dach aus handgespaltenen Lärchenschindeln und einem Anstrich in der seinerzeit angewandten Technik, mit reinem holzgebrannten Sumpfkalk und Farbpigmenten. Auch die Innenausstattung wurde total überarbeitet. Als einziges Zugeständnis an die neue Zeit wurde ein kristallener Barockleuchter mit elektrischen Kerzen installiert.</p>



<div class="wp-block-image is-style-default"><figure class="aligncenter size-full is-resized"><img loading="lazy" decoding="async" src="https://stadtkirche-geretsried.de/nk/wp-content/uploads/2020/06/SNK_mitGerüst.jpg" alt="" class="wp-image-292" width="300" height="376" srcset="https://stadtkirche-geretsried.de/nk/wp-content/uploads/2020/06/SNK_mitGerüst.jpg 1000w, https://stadtkirche-geretsried.de/nk/wp-content/uploads/2020/06/SNK_mitGerüst-239x300.jpg 239w, https://stadtkirche-geretsried.de/nk/wp-content/uploads/2020/06/SNK_mitGerüst-817x1024.jpg 817w, https://stadtkirche-geretsried.de/nk/wp-content/uploads/2020/06/SNK_mitGerüst-768x963.jpg 768w, https://stadtkirche-geretsried.de/nk/wp-content/uploads/2020/06/SNK_mitGerüst-624x782.jpg 624w" sizes="(max-width: 300px) 100vw, 300px" /><figcaption><em>Die Kapelle erhält einen neuen Anstrich und<br>wird mit Lärchenschindeln eingedeckt.</em></figcaption></figure></div>



<p>Für diese Restaurierung mussten Mittel in Höhe von 340.000.- DM beschafft werden. Bei der 1972 abgeschlossenen Aktion war man mit ca. 30.000.- DM ausgekommen.</p>



<p>Herr Landrat, Dr. Huber, überreichte der Interessengemeinschaft für die Verdienste um den Denkmalschutz eine besondere Urkunde. Bei der abschließenden Feier am 6.&nbsp;Dezember 1990 lobte er die Interessengemeinschaft mit den Worten: <strong>&#8222;Sie haben das schönste Gebäude von Geretsried gerettet.&#8220;</strong></p>



<p class="has-text-align-center"><div id="metaslider-id-353" style="max-width: 427px; margin: 0 auto;" class="ml-slider-3-60-1 metaslider metaslider-nivo metaslider-353 ml-slider ms-theme-default" role="region" aria-roledescription="Slideshow" aria-label="Nikolauskapelle Restaurierung">
    <div id="metaslider_container_353">
        <div class='slider-wrapper theme-default'><div class='ribbon'></div><div id='metaslider_353' class='nivoSlider'><img loading="lazy" decoding="async" src="https://stadtkirche-geretsried.de/nk/wp-content/uploads/2020/06/SNK_PutzanalyseX-427x320.jpg" height="320" width="427" data-caption="Putzanalyse" title="SNK_PutzanalyseX" alt="" class="slider-353 slide-354" /><img loading="lazy" decoding="async" src="https://stadtkirche-geretsried.de/nk/wp-content/uploads/2020/06/Restaur-Medallion-427x320.jpg" height="320" width="427" data-caption="Restaurierung Medallion" title="Restaur-Medallion" alt="" class="slider-353 slide-355" /><img loading="lazy" decoding="async" src="https://stadtkirche-geretsried.de/nk/wp-content/uploads/2020/06/Rest_Kruzifix-427x320.jpg" height="320" width="427" data-caption="Restaurierung Kruzifix" title="Rest_Kruzifix" alt="" class="slider-353 slide-356" /><img loading="lazy" decoding="async" src="https://stadtkirche-geretsried.de/nk/wp-content/uploads/2020/06/MaurerFranken-am-Altar-427x320.jpg" height="320" width="427" data-caption="MaurerFranken am Altar" title="MaurerFranken am Altar" alt="" class="slider-353 slide-357" /><img loading="lazy" decoding="async" src="https://stadtkirche-geretsried.de/nk/wp-content/uploads/2020/06/Mauerschwamm4X-427x320.jpg" height="320" width="427" data-caption="Mauerschwamm" title="Mauerschwamm4X" alt="" class="slider-353 slide-358" /><img loading="lazy" decoding="async" src="https://stadtkirche-geretsried.de/nk/wp-content/uploads/2020/06/Kiesaufschüttung-427x320.jpg" height="320" width="427" data-caption="Kiesaufsch&uuml;ttung" title="Kiesaufschüttung" alt="" class="slider-353 slide-359" /><img loading="lazy" decoding="async" src="https://stadtkirche-geretsried.de/nk/wp-content/uploads/2020/06/Baulicher-Zustand-vdRen-427x320.jpg" height="320" width="427" data-caption="Baulicher Zustand vor der Renovierung" title="Baulicher Zustand vdRen" alt="" class="slider-353 slide-360" /></div></div>
        
    </div>
</div></p>

<p>Zu Beginn der Fünfzigerjahre, als in den Gebäuden der ehemaligen Munitionsfabrik Heimatvertriebene und Flüchtlinge aus den Ostgebieten einquartiert und die Pfarreien &#8222;Maria Hilf&#8220; und &#8222;Heilige Familie&#8220; gegründet worden waren, geriet die Nikolaus-Kapelle bald in Vergessenheit. Schon von außen konnte man den fortschreitenden Verfall feststellen. Das Kreuz auf dem Turm war vom Blitz getroffen und hing [&hellip;]</p>
