{"id":112,"date":"2020-05-13T08:47:24","date_gmt":"2020-05-13T06:47:24","guid":{"rendered":"https:\/\/stadtkirche-geretsried.de\/nk\/?page_id=112"},"modified":"2022-11-30T04:29:27","modified_gmt":"2022-11-30T03:29:27","slug":"literatur","status":"publish","type":"page","link":"https:\/\/stadtkirche-geretsried.de\/nk\/literatur\/","title":{"rendered":"Literatur"},"content":{"rendered":"\n<p><strong>Folgende Ver\u00f6ffentlichungen behandeln die St.&nbsp;Nikolaus-Kapelle in Geretsried:<\/strong><\/p>\n\n\n\n<ul><li><a href=\"https:\/\/stadtkirche-geretsried.de\/nk\/wp-content\/uploads\/2022\/08\/Festschrift_St_Nikolaus_niedrige_Aufloesung.pdf\" target=\"_blank\" rel=\"noreferrer noopener\">Festschrift zum 300-j\u00e4hrigen Weihejubil\u00e4um<\/a><\/li><li>Dehio \u2013 Handbuch der Deutschen Kunstdenkm\u00e4ler, Oberbayern \u2013 Seite 164.<\/li><li>Paula, Wegener-H\u00fcssen \u2013 Denkm\u00e4ler in Bayern, Band 1.5, Landkreis Bad T\u00f6lz \u2013 Wolfratshausen \u2013 Seite 296. <\/li><li>Interessengemeinschaft zur Erhaltung der St.Nikolaus-Kapelle \u2013 Festschrift zur Feier des 250. Jubil\u00e4ums am 6.\u00a012. 1972 (32 Seiten). <\/li><li>Interessengemeinschaft zur Erhaltung der St.Nikolaus-Kapelle \u2013 St. Nikolaus Geretsried. &#8211; Das Wahrzeichen einer Stadt (1990, 120 Seiten).<\/li><\/ul>\n","protected":false},"excerpt":{"rendered":"<p>Folgende Ver\u00f6ffentlichungen behandeln die St.&nbsp;Nikolaus-Kapelle in Geretsried: Festschrift zum 300-j\u00e4hrigen Weihejubil\u00e4um Dehio \u2013 Handbuch der Deutschen Kunstdenkm\u00e4ler, Oberbayern \u2013 Seite 164. Paula, Wegener-H\u00fcssen \u2013 Denkm\u00e4ler in Bayern, Band 1.5, Landkreis Bad T\u00f6lz \u2013 Wolfratshausen \u2013 Seite 296. Interessengemeinschaft zur Erhaltung der St.Nikolaus-Kapelle \u2013 Festschrift zur Feier des 250. Jubil\u00e4ums am 6.\u00a012. 1972 (32 Seiten). Interessengemeinschaft [&hellip;]<\/p>\n","protected":false},"author":1,"featured_media":0,"parent":0,"menu_order":0,"comment_status":"closed","ping_status":"closed","template":"","meta":{"footnotes":""},"_links":{"self":[{"href":"https:\/\/stadtkirche-geretsried.de\/nk\/wp-json\/wp\/v2\/pages\/112"}],"collection":[{"href":"https:\/\/stadtkirche-geretsried.de\/nk\/wp-json\/wp\/v2\/pages"}],"about":[{"href":"https:\/\/stadtkirche-geretsried.de\/nk\/wp-json\/wp\/v2\/types\/page"}],"author":[{"embeddable":true,"href":"https:\/\/stadtkirche-geretsried.de\/nk\/wp-json\/wp\/v2\/users\/1"}],"replies":[{"embeddable":true,"href":"https:\/\/stadtkirche-geretsried.de\/nk\/wp-json\/wp\/v2\/comments?post=112"}],"version-history":[{"count":3,"href":"https:\/\/stadtkirche-geretsried.de\/nk\/wp-json\/wp\/v2\/pages\/112\/revisions"}],"predecessor-version":[{"id":909,"href":"https:\/\/stadtkirche-geretsried.de\/nk\/wp-json\/wp\/v2\/pages\/112\/revisions\/909"}],"wp:attachment":[{"href":"https:\/\/stadtkirche-geretsried.de\/nk\/wp-json\/wp\/v2\/media?parent=112"}],"curies":[{"name":"wp","href":"https:\/\/api.w.org\/{rel}","templated":true}]}}

<p><strong>Folgende Veröffentlichungen behandeln die St.&nbsp;Nikolaus-Kapelle in Geretsried:</strong></p>



<ul><li><a href="https://stadtkirche-geretsried.de/nk/wp-content/uploads/2022/08/Festschrift_St_Nikolaus_niedrige_Aufloesung.pdf" target="_blank" rel="noreferrer noopener">Festschrift zum 300-jährigen Weihejubiläum</a></li><li>Dehio – Handbuch der Deutschen Kunstdenkmäler, Oberbayern – Seite 164.</li><li>Paula, Wegener-Hüssen – Denkmäler in Bayern, Band 1.5, Landkreis Bad Tölz – Wolfratshausen – Seite 296. </li><li>Interessengemeinschaft zur Erhaltung der St.Nikolaus-Kapelle – Festschrift zur Feier des 250. Jubiläums am 6. 12. 1972 (32 Seiten). </li><li>Interessengemeinschaft zur Erhaltung der St.Nikolaus-Kapelle – St. Nikolaus Geretsried. &#8211; Das Wahrzeichen einer Stadt (1990, 120 Seiten).</li></ul>

<p>Folgende Veröffentlichungen behandeln die St.&nbsp;Nikolaus-Kapelle in Geretsried: Festschrift zum 300-jährigen Weihejubiläum Dehio – Handbuch der Deutschen Kunstdenkmäler, Oberbayern – Seite 164. Paula, Wegener-Hüssen – Denkmäler in Bayern, Band 1.5, Landkreis Bad Tölz – Wolfratshausen – Seite 296. Interessengemeinschaft zur Erhaltung der St.Nikolaus-Kapelle – Festschrift zur Feier des 250. Jubiläums am 6. 12. 1972 (32 Seiten). Interessengemeinschaft [&hellip;]</p>
