{"id":100,"date":"2020-05-12T08:11:41","date_gmt":"2020-05-12T06:11:41","guid":{"rendered":"https:\/\/stadtkirche-geretsried.de\/nk\/?page_id=100"},"modified":"2022-06-10T15:58:50","modified_gmt":"2022-06-10T13:58:50","slug":"die-glocken","status":"publish","type":"page","link":"https:\/\/stadtkirche-geretsried.de\/nk\/die-glocken\/","title":{"rendered":"Die Glocken"},"content":{"rendered":"\n<div class=\"wp-block-image is-style-default\"><figure class=\"aligncenter size-full is-resized\"><img loading=\"lazy\" decoding=\"async\" src=\"https:\/\/stadtkirche-geretsried.de\/nk\/wp-content\/uploads\/2020\/06\/Glocken-von-unten.jpg\" alt=\"\" class=\"wp-image-266\" width=\"300\" height=\"300\"\/><figcaption>Glockengel\u00e4ut<br><\/figcaption><\/figure><\/div>\n\n\n\n<p>In der &#8222;Beschreibung und Geschichte der Pfarrei K\u00f6nigsdorf&#8220; aus dem Jahr 1859 ist auf der Seite 405 folgender Eintrag zu finden : <em>&#8222;Im Thurme der Filialkirche Geretsried befinden sich zwei Glocken: <\/em><br><em>1. Die gr\u00f6\u00dfere tr\u00e4gt an der Krone die Umschrift : ANNO DOMINI 1588 &#8211; WOLF. STEGER ME FECIT. <\/em><br><em>2. Die kleinere ist ohne Bild und Inschrift.&#8220;<\/em><\/p>\n\n\n\n<p>Im Jahre 1889 ist durch einen Blitzeinschlag eine Glocke besch\u00e4digt worden. Nach R\u00fccksprache mit dem Erzbischof in Freising wurde die besch\u00e4digte Glocke von einem M\u00fcnchner Glockengie\u00dfer umgegossen und neu geweiht.<\/p>\n\n\n\n<p>Im 1. Weltkrieg gingen beide Glocken verloren. Sie mu\u00dften abgegeben werden und wurden eingeschmolzen. Vor dem Abtransport wurde ein letztes Foto gemacht, das auch in der K\u00f6nigsdorfer Chronik erhalten blieb.<\/p>\n\n\n\n<p>In den Jahren zwischen den Kriegen stiftete einer der benachbarten Bauern die Feierabendglocke seines Hofes f\u00fcr die St.Nikolaus-Kapelle. Diese zirka 15 kg schwere aus Zink gegossene Glocke hat alle Wirren der folgenden Zeit \u00fcberstanden und befindet sich noch heute im Turm der Kapelle.<\/p>\n\n\n\n<div class=\"wp-block-image is-style-default\"><figure class=\"aligncenter size-full is-resized\"><img loading=\"lazy\" decoding=\"async\" src=\"https:\/\/stadtkirche-geretsried.de\/nk\/wp-content\/uploads\/2020\/06\/SNK_AlteGlocke.jpg\" alt=\"\" class=\"wp-image-269\" width=\"300\" height=\"400\"\/><figcaption>Alte Glocke<br><\/figcaption><\/figure><\/div>\n\n\n\n<p>Durch gro\u00dfz\u00fcgige Spenden von Freunden der St.Nikolaus-Kapelle, war es der Interessengemeinschaft m\u00f6glich, nach fast 60 Jahren auch eine zweite Glocke wieder zu beschaffen.<br>Die neue Glocke wurde am 27. September 1974 in Passau in der Glockengie\u00dferei Perner, einem alten, traditionsreichen Handwerksbetrieb, aus Bronze gegossen. Sie hat einen Umfang von 1,2 Meter und wiegt zirka 25 kg. Ihr Gel\u00e4ut wurde auf das der alten Glocke abgestimmt.<\/p>\n\n\n\n<div class=\"wp-block-image is-style-default\"><figure class=\"aligncenter size-full is-resized\"><img loading=\"lazy\" decoding=\"async\" src=\"https:\/\/stadtkirche-geretsried.de\/nk\/wp-content\/uploads\/2020\/06\/Glockenguss.jpg\" alt=\"\" class=\"wp-image-268\" width=\"600\" height=\"382\" srcset=\"https:\/\/stadtkirche-geretsried.de\/nk\/wp-content\/uploads\/2020\/06\/Glockenguss.jpg 1000w, https:\/\/stadtkirche-geretsried.de\/nk\/wp-content\/uploads\/2020\/06\/Glockenguss-300x191.jpg 300w, https:\/\/stadtkirche-geretsried.de\/nk\/wp-content\/uploads\/2020\/06\/Glockenguss-768x490.jpg 768w, https:\/\/stadtkirche-geretsried.de\/nk\/wp-content\/uploads\/2020\/06\/Glockenguss-624x398.jpg 624w\" sizes=\"(max-width: 600px) 100vw, 600px\" \/><figcaption>Glockenguss<\/figcaption><\/figure><\/div>\n\n\n\n<p>Die neue Glocke wurde dann am 6. Dezember 1974 geweiht und anschlie\u00dfend im Turm montiert. Dank des automatischen L\u00e4utwerkes, das gleichzeitig installiert wurde, l\u00e4uten die Glocken der St.Nikolaus-Kapelle regelm\u00e4\u00dfig am Morgen, mittags und am Abend f\u00fcr kurze Zeit.<\/p>\n\n\n\n<div class=\"wp-block-columns are-vertically-aligned-center is-layout-flex wp-container-core-columns-layout-1 wp-block-columns-is-layout-flex\">\n<div class=\"wp-block-column is-vertically-aligned-center is-layout-flow wp-block-column-is-layout-flow\">\n<figure class=\"wp-block-image size-full is-resized is-style-default\"><img loading=\"lazy\" decoding=\"async\" src=\"https:\/\/stadtkirche-geretsried.de\/nk\/wp-content\/uploads\/2020\/06\/Varadi_Glockenweihe.jpg\" alt=\"\" class=\"wp-image-270\" width=\"300\" height=\"450\"\/><figcaption>Pfarrer Varadi weiht die neue Glocke<\/figcaption><\/figure>\n\n\n\n<p><\/p>\n<\/div>\n\n\n\n<div class=\"wp-block-column is-vertically-aligned-center is-layout-flow wp-block-column-is-layout-flow\">\n<div class=\"wp-block-image is-style-default\"><figure class=\"aligncenter size-full is-resized\"><img loading=\"lazy\" decoding=\"async\" src=\"https:\/\/stadtkirche-geretsried.de\/nk\/wp-content\/uploads\/2020\/06\/Glocken-vor-dem-AltarX.jpg\" alt=\"\" class=\"wp-image-267\" width=\"300\" height=\"197\" srcset=\"https:\/\/stadtkirche-geretsried.de\/nk\/wp-content\/uploads\/2020\/06\/Glocken-vor-dem-AltarX.jpg 1000w, https:\/\/stadtkirche-geretsried.de\/nk\/wp-content\/uploads\/2020\/06\/Glocken-vor-dem-AltarX-300x197.jpg 300w, https:\/\/stadtkirche-geretsried.de\/nk\/wp-content\/uploads\/2020\/06\/Glocken-vor-dem-AltarX-768x505.jpg 768w, https:\/\/stadtkirche-geretsried.de\/nk\/wp-content\/uploads\/2020\/06\/Glocken-vor-dem-AltarX-624x411.jpg 624w\" sizes=\"(max-width: 300px) 100vw, 300px\" \/><figcaption>Glockengel\u00e4ut vor dem Altar<\/figcaption><\/figure><\/div>\n\n\n\n<p><\/p>\n<\/div>\n<\/div>\n\n\n\n<p class=\"has-text-align-center\">Die Glockenkrone tr\u00e4gt die Inschrift:<br><br><strong><em>DEO GLORIA + URBI LAETITIA + ORBI PAX * GERETSRIED 1974<\/em> *<\/strong><br><br>Gott zur Ehre + der Stadt zur Freude + der Welt zum Frieden<\/p>\n","protected":false},"excerpt":{"rendered":"<p>In der &#8222;Beschreibung und Geschichte der Pfarrei K\u00f6nigsdorf&#8220; aus dem Jahr 1859 ist auf der Seite 405 folgender Eintrag zu finden : &#8222;Im Thurme der Filialkirche Geretsried befinden sich zwei Glocken: 1. Die gr\u00f6\u00dfere tr\u00e4gt an der Krone die Umschrift : ANNO DOMINI 1588 &#8211; WOLF. STEGER ME FECIT. 2. Die kleinere ist ohne Bild [&hellip;]<\/p>\n","protected":false},"author":1,"featured_media":0,"parent":0,"menu_order":0,"comment_status":"closed","ping_status":"closed","template":"","meta":{"footnotes":""},"_links":{"self":[{"href":"https:\/\/stadtkirche-geretsried.de\/nk\/wp-json\/wp\/v2\/pages\/100"}],"collection":[{"href":"https:\/\/stadtkirche-geretsried.de\/nk\/wp-json\/wp\/v2\/pages"}],"about":[{"href":"https:\/\/stadtkirche-geretsried.de\/nk\/wp-json\/wp\/v2\/types\/page"}],"author":[{"embeddable":true,"href":"https:\/\/stadtkirche-geretsried.de\/nk\/wp-json\/wp\/v2\/users\/1"}],"replies":[{"embeddable":true,"href":"https:\/\/stadtkirche-geretsried.de\/nk\/wp-json\/wp\/v2\/comments?post=100"}],"version-history":[{"count":5,"href":"https:\/\/stadtkirche-geretsried.de\/nk\/wp-json\/wp\/v2\/pages\/100\/revisions"}],"predecessor-version":[{"id":627,"href":"https:\/\/stadtkirche-geretsried.de\/nk\/wp-json\/wp\/v2\/pages\/100\/revisions\/627"}],"wp:attachment":[{"href":"https:\/\/stadtkirche-geretsried.de\/nk\/wp-json\/wp\/v2\/media?parent=100"}],"curies":[{"name":"wp","href":"https:\/\/api.w.org\/{rel}","templated":true}]}}

<div class="wp-block-image is-style-default"><figure class="aligncenter size-full is-resized"><img loading="lazy" decoding="async" src="https://stadtkirche-geretsried.de/nk/wp-content/uploads/2020/06/Glocken-von-unten.jpg" alt="" class="wp-image-266" width="300" height="300"/><figcaption>Glockengeläut<br></figcaption></figure></div>



<p>In der &#8222;Beschreibung und Geschichte der Pfarrei Königsdorf&#8220; aus dem Jahr 1859 ist auf der Seite 405 folgender Eintrag zu finden : <em>&#8222;Im Thurme der Filialkirche Geretsried befinden sich zwei Glocken: </em><br><em>1. Die größere trägt an der Krone die Umschrift : ANNO DOMINI 1588 &#8211; WOLF. STEGER ME FECIT. </em><br><em>2. Die kleinere ist ohne Bild und Inschrift.&#8220;</em></p>



<p>Im Jahre 1889 ist durch einen Blitzeinschlag eine Glocke beschädigt worden. Nach Rücksprache mit dem Erzbischof in Freising wurde die beschädigte Glocke von einem Münchner Glockengießer umgegossen und neu geweiht.</p>



<p>Im 1. Weltkrieg gingen beide Glocken verloren. Sie mußten abgegeben werden und wurden eingeschmolzen. Vor dem Abtransport wurde ein letztes Foto gemacht, das auch in der Königsdorfer Chronik erhalten blieb.</p>



<p>In den Jahren zwischen den Kriegen stiftete einer der benachbarten Bauern die Feierabendglocke seines Hofes für die St.Nikolaus-Kapelle. Diese zirka 15 kg schwere aus Zink gegossene Glocke hat alle Wirren der folgenden Zeit überstanden und befindet sich noch heute im Turm der Kapelle.</p>



<div class="wp-block-image is-style-default"><figure class="aligncenter size-full is-resized"><img loading="lazy" decoding="async" src="https://stadtkirche-geretsried.de/nk/wp-content/uploads/2020/06/SNK_AlteGlocke.jpg" alt="" class="wp-image-269" width="300" height="400"/><figcaption>Alte Glocke<br></figcaption></figure></div>



<p>Durch großzügige Spenden von Freunden der St.Nikolaus-Kapelle, war es der Interessengemeinschaft möglich, nach fast 60 Jahren auch eine zweite Glocke wieder zu beschaffen.<br>Die neue Glocke wurde am 27. September 1974 in Passau in der Glockengießerei Perner, einem alten, traditionsreichen Handwerksbetrieb, aus Bronze gegossen. Sie hat einen Umfang von 1,2 Meter und wiegt zirka 25 kg. Ihr Geläut wurde auf das der alten Glocke abgestimmt.</p>



<div class="wp-block-image is-style-default"><figure class="aligncenter size-full is-resized"><img loading="lazy" decoding="async" src="https://stadtkirche-geretsried.de/nk/wp-content/uploads/2020/06/Glockenguss.jpg" alt="" class="wp-image-268" width="600" height="382" srcset="https://stadtkirche-geretsried.de/nk/wp-content/uploads/2020/06/Glockenguss.jpg 1000w, https://stadtkirche-geretsried.de/nk/wp-content/uploads/2020/06/Glockenguss-300x191.jpg 300w, https://stadtkirche-geretsried.de/nk/wp-content/uploads/2020/06/Glockenguss-768x490.jpg 768w, https://stadtkirche-geretsried.de/nk/wp-content/uploads/2020/06/Glockenguss-624x398.jpg 624w" sizes="(max-width: 600px) 100vw, 600px" /><figcaption>Glockenguss</figcaption></figure></div>



<p>Die neue Glocke wurde dann am 6. Dezember 1974 geweiht und anschließend im Turm montiert. Dank des automatischen Läutwerkes, das gleichzeitig installiert wurde, läuten die Glocken der St.Nikolaus-Kapelle regelmäßig am Morgen, mittags und am Abend für kurze Zeit.</p>



<div class="wp-block-columns are-vertically-aligned-center is-layout-flex wp-container-core-columns-layout-1 wp-block-columns-is-layout-flex">
<div class="wp-block-column is-vertically-aligned-center is-layout-flow wp-block-column-is-layout-flow">
<figure class="wp-block-image size-full is-resized is-style-default"><img loading="lazy" decoding="async" src="https://stadtkirche-geretsried.de/nk/wp-content/uploads/2020/06/Varadi_Glockenweihe.jpg" alt="" class="wp-image-270" width="300" height="450"/><figcaption>Pfarrer Varadi weiht die neue Glocke</figcaption></figure>



<p></p>
</div>



<div class="wp-block-column is-vertically-aligned-center is-layout-flow wp-block-column-is-layout-flow">
<div class="wp-block-image is-style-default"><figure class="aligncenter size-full is-resized"><img loading="lazy" decoding="async" src="https://stadtkirche-geretsried.de/nk/wp-content/uploads/2020/06/Glocken-vor-dem-AltarX.jpg" alt="" class="wp-image-267" width="300" height="197" srcset="https://stadtkirche-geretsried.de/nk/wp-content/uploads/2020/06/Glocken-vor-dem-AltarX.jpg 1000w, https://stadtkirche-geretsried.de/nk/wp-content/uploads/2020/06/Glocken-vor-dem-AltarX-300x197.jpg 300w, https://stadtkirche-geretsried.de/nk/wp-content/uploads/2020/06/Glocken-vor-dem-AltarX-768x505.jpg 768w, https://stadtkirche-geretsried.de/nk/wp-content/uploads/2020/06/Glocken-vor-dem-AltarX-624x411.jpg 624w" sizes="(max-width: 300px) 100vw, 300px" /><figcaption>Glockengeläut vor dem Altar</figcaption></figure></div>



<p></p>
</div>
</div>



<p class="has-text-align-center">Die Glockenkrone trägt die Inschrift:<br><br><strong><em>DEO GLORIA + URBI LAETITIA + ORBI PAX * GERETSRIED 1974</em> *</strong><br><br>Gott zur Ehre + der Stadt zur Freude + der Welt zum Frieden</p>

<p>In der &#8222;Beschreibung und Geschichte der Pfarrei Königsdorf&#8220; aus dem Jahr 1859 ist auf der Seite 405 folgender Eintrag zu finden : &#8222;Im Thurme der Filialkirche Geretsried befinden sich zwei Glocken: 1. Die größere trägt an der Krone die Umschrift : ANNO DOMINI 1588 &#8211; WOLF. STEGER ME FECIT. 2. Die kleinere ist ohne Bild [&hellip;]</p>
